{"id":10451,"date":"2024-11-18T10:30:08","date_gmt":"2024-11-18T09:30:08","guid":{"rendered":"https:\/\/radio-aviva.com\/perpignan\/?post_type=podcast&#038;p=10451"},"modified":"2024-11-15T15:06:01","modified_gmt":"2024-11-15T14:06:01","slug":"josephine-matamoros-lart-sans-frontiere","status":"publish","type":"podcast","link":"https:\/\/radio-aviva.com\/perpignan\/podcast\/josephine-matamoros-lart-sans-frontiere\/","title":{"rendered":"Jos\u00e9phine MATAMOROS, l&rsquo;art sans fronti\u00e8re"},"content":{"rendered":"<p>66 femmes des Pyr\u00e9n\u00e9es Orientales : d\u00e9couvrez les 66 destins qui ont marqu\u00e9 notre territoire.<\/p>\n<p>C\u00e9l\u00e8bres ou inconnues, les femmes catalanes ont profond\u00e9ment marqu\u00e9 l&rsquo;histoire et la g\u00e9ographie de la Catalogne Nord et ont transmis un riche h\u00e9ritage, de la pr\u00e9histoire \u00e0 nos jours. Le livre \u00ab\u00a0Matrimoine catalan, 66 femmes\u00a0\u00bb, initi\u00e9 par l&rsquo;association IDEM question de genre les a mises en lumi\u00e8re.<\/p>\n<p>Dans ce portrait, d\u00e9couvrez Jos\u00e9phine MATAMOROS, l\u2019art sans fronti\u00e8res.<\/p>\n","protected":false},"author":1,"featured_media":9849,"template":"","tags":[],"podcastfilter":[261,311,319,186],"class_list":["post-10451","podcast","type-podcast","status-publish","has-post-thumbnail","hentry","podcastfilter-femmes","podcastfilter-matrimoine","podcastfilter-matrimoine-66","podcastfilter-pyrenees-orientales-2"],"_links":{"self":[{"href":"https:\/\/radio-aviva.com\/perpignan\/wp-json\/wp\/v2\/podcast\/10451","targetHints":{"allow":["GET"]}}],"collection":[{"href":"https:\/\/radio-aviva.com\/perpignan\/wp-json\/wp\/v2\/podcast"}],"about":[{"href":"https:\/\/radio-aviva.com\/perpignan\/wp-json\/wp\/v2\/types\/podcast"}],"author":[{"embeddable":true,"href":"https:\/\/radio-aviva.com\/perpignan\/wp-json\/wp\/v2\/users\/1"}],"version-history":[{"count":1,"href":"https:\/\/radio-aviva.com\/perpignan\/wp-json\/wp\/v2\/podcast\/10451\/revisions"}],"predecessor-version":[{"id":10452,"href":"https:\/\/radio-aviva.com\/perpignan\/wp-json\/wp\/v2\/podcast\/10451\/revisions\/10452"}],"wp:featuredmedia":[{"embeddable":true,"href":"https:\/\/radio-aviva.com\/perpignan\/wp-json\/wp\/v2\/media\/9849"}],"wp:attachment":[{"href":"https:\/\/radio-aviva.com\/perpignan\/wp-json\/wp\/v2\/media?parent=10451"}],"wp:term":[{"taxonomy":"post_tag","embeddable":true,"href":"https:\/\/radio-aviva.com\/perpignan\/wp-json\/wp\/v2\/tags?post=10451"},{"taxonomy":"podcastfilter","embeddable":true,"href":"https:\/\/radio-aviva.com\/perpignan\/wp-json\/wp\/v2\/podcastfilter?post=10451"}],"curies":[{"name":"wp","href":"https:\/\/api.w.org\/{rel}","templated":true}]}}

Joséphine MATAMOROS, l&rsquo;art sans frontière

<p>66 femmes des Pyrénées Orientales : découvrez les 66 destins qui ont marqué notre territoire.</p>
<p>Célèbres ou inconnues, les femmes catalanes ont profondément marqué l&rsquo;histoire et la géographie de la Catalogne Nord et ont transmis un riche héritage, de la préhistoire à nos jours. Le livre « Matrimoine catalan, 66 femmes », initié par l&rsquo;association IDEM question de genre les a mises en lumière.</p>
<p>Dans ce portrait, découvrez Joséphine MATAMOROS, l’art sans frontières.</p>
