{"id":10464,"date":"2024-11-24T10:35:46","date_gmt":"2024-11-24T09:35:46","guid":{"rendered":"https:\/\/radio-aviva.com\/perpignan\/?post_type=podcast&#038;p=10464"},"modified":"2024-11-18T11:24:48","modified_gmt":"2024-11-18T10:24:48","slug":"helene-legrais-des-romans-contre-loublie","status":"publish","type":"podcast","link":"https:\/\/radio-aviva.com\/perpignan\/podcast\/helene-legrais-des-romans-contre-loublie\/","title":{"rendered":"H\u00e9l\u00e8ne Legrais, des romans contre l&rsquo;oublie"},"content":{"rendered":"<p><span class=\"notion-enable-hover\" data-token-index=\"0\">66 femmes des Pyr\u00e9n\u00e9es Orientales : d\u00e9couvrez les 66 destins qui ont marqu\u00e9 notre territoire. <\/span>C\u00e9l\u00e8bres ou inconnues, les femmes catalanes ont profond\u00e9ment marqu\u00e9 l&rsquo;histoire et la g\u00e9ographie de la Catalogne Nord et ont transmis un riche h\u00e9ritage, de la pr\u00e9histoire \u00e0 nos jours. Le livre \u00ab\u00a0Matrimoine catalan, 66 femmes\u00a0\u00bb, initi\u00e9 par l&rsquo;association IDEM question de genre les a mises en lumi\u00e8re. Dans ce portrait, d\u00e9couvrez H\u00e9l\u00e8ne LEGRAIS, des romans contre l\u2019oublie.<\/p>\n","protected":false},"author":1,"featured_media":9849,"template":"","tags":[],"podcastfilter":[261,144,319,151,186],"class_list":["post-10464","podcast","type-podcast","status-publish","has-post-thumbnail","hentry","podcastfilter-femmes","podcastfilter-histoire","podcastfilter-matrimoine-66","podcastfilter-patrimoine","podcastfilter-pyrenees-orientales-2"],"_links":{"self":[{"href":"https:\/\/radio-aviva.com\/perpignan\/wp-json\/wp\/v2\/podcast\/10464","targetHints":{"allow":["GET"]}}],"collection":[{"href":"https:\/\/radio-aviva.com\/perpignan\/wp-json\/wp\/v2\/podcast"}],"about":[{"href":"https:\/\/radio-aviva.com\/perpignan\/wp-json\/wp\/v2\/types\/podcast"}],"author":[{"embeddable":true,"href":"https:\/\/radio-aviva.com\/perpignan\/wp-json\/wp\/v2\/users\/1"}],"version-history":[{"count":1,"href":"https:\/\/radio-aviva.com\/perpignan\/wp-json\/wp\/v2\/podcast\/10464\/revisions"}],"predecessor-version":[{"id":10465,"href":"https:\/\/radio-aviva.com\/perpignan\/wp-json\/wp\/v2\/podcast\/10464\/revisions\/10465"}],"wp:featuredmedia":[{"embeddable":true,"href":"https:\/\/radio-aviva.com\/perpignan\/wp-json\/wp\/v2\/media\/9849"}],"wp:attachment":[{"href":"https:\/\/radio-aviva.com\/perpignan\/wp-json\/wp\/v2\/media?parent=10464"}],"wp:term":[{"taxonomy":"post_tag","embeddable":true,"href":"https:\/\/radio-aviva.com\/perpignan\/wp-json\/wp\/v2\/tags?post=10464"},{"taxonomy":"podcastfilter","embeddable":true,"href":"https:\/\/radio-aviva.com\/perpignan\/wp-json\/wp\/v2\/podcastfilter?post=10464"}],"curies":[{"name":"wp","href":"https:\/\/api.w.org\/{rel}","templated":true}]}}

Hélène Legrais, des romans contre l&rsquo;oublie

<p><span class="notion-enable-hover" data-token-index="0">66 femmes des Pyrénées Orientales : découvrez les 66 destins qui ont marqué notre territoire. </span>Célèbres ou inconnues, les femmes catalanes ont profondément marqué l&rsquo;histoire et la géographie de la Catalogne Nord et ont transmis un riche héritage, de la préhistoire à nos jours. Le livre « Matrimoine catalan, 66 femmes », initié par l&rsquo;association IDEM question de genre les a mises en lumière. Dans ce portrait, découvrez Hélène LEGRAIS, des romans contre l’oublie.</p>
