{"id":10474,"date":"2024-11-29T10:35:28","date_gmt":"2024-11-29T09:35:28","guid":{"rendered":"https:\/\/radio-aviva.com\/perpignan\/?post_type=podcast&#038;p=10474"},"modified":"2024-11-18T14:24:10","modified_gmt":"2024-11-18T13:24:10","slug":"usap-xv-toulouges-femmes-a-crampons-en-terrain-cloisonne","status":"publish","type":"podcast","link":"https:\/\/radio-aviva.com\/perpignan\/podcast\/usap-xv-toulouges-femmes-a-crampons-en-terrain-cloisonne\/","title":{"rendered":"USAP XV Toulouges, femmes \u00e0 crampons en terrain cloisonn\u00e9"},"content":{"rendered":"<p><span class=\"notion-enable-hover\" data-token-index=\"0\">66 femmes des Pyr\u00e9n\u00e9es Orientales : d\u00e9couvrez les 66 destins qui ont marqu\u00e9 notre territoire. <\/span>C\u00e9l\u00e8bres ou inconnues, les femmes catalanes ont profond\u00e9ment marqu\u00e9 l&rsquo;histoire et la g\u00e9ographie de la Catalogne Nord et ont transmis un riche h\u00e9ritage, de la pr\u00e9histoire \u00e0 nos jours. Le livre \u00ab\u00a0Matrimoine catalan, 66 femmes\u00a0\u00bb, initi\u00e9 par l&rsquo;association IDEM question de genre les a mises en lumi\u00e8re. Dans ce portrait, d\u00e9couvrez l\u2019USAP XV TOULOUGES, femmes \u00e0 crampons en terrain cloisonn\u00e9.<\/p>\n","protected":false},"author":1,"featured_media":9849,"template":"","tags":[],"podcastfilter":[261,144,138,319,151,186],"class_list":["post-10474","podcast","type-podcast","status-publish","has-post-thumbnail","hentry","podcastfilter-femmes","podcastfilter-histoire","podcastfilter-lutte-contre-les-discriminations","podcastfilter-matrimoine-66","podcastfilter-patrimoine","podcastfilter-pyrenees-orientales-2"],"_links":{"self":[{"href":"https:\/\/radio-aviva.com\/perpignan\/wp-json\/wp\/v2\/podcast\/10474","targetHints":{"allow":["GET"]}}],"collection":[{"href":"https:\/\/radio-aviva.com\/perpignan\/wp-json\/wp\/v2\/podcast"}],"about":[{"href":"https:\/\/radio-aviva.com\/perpignan\/wp-json\/wp\/v2\/types\/podcast"}],"author":[{"embeddable":true,"href":"https:\/\/radio-aviva.com\/perpignan\/wp-json\/wp\/v2\/users\/1"}],"version-history":[{"count":1,"href":"https:\/\/radio-aviva.com\/perpignan\/wp-json\/wp\/v2\/podcast\/10474\/revisions"}],"predecessor-version":[{"id":10475,"href":"https:\/\/radio-aviva.com\/perpignan\/wp-json\/wp\/v2\/podcast\/10474\/revisions\/10475"}],"wp:featuredmedia":[{"embeddable":true,"href":"https:\/\/radio-aviva.com\/perpignan\/wp-json\/wp\/v2\/media\/9849"}],"wp:attachment":[{"href":"https:\/\/radio-aviva.com\/perpignan\/wp-json\/wp\/v2\/media?parent=10474"}],"wp:term":[{"taxonomy":"post_tag","embeddable":true,"href":"https:\/\/radio-aviva.com\/perpignan\/wp-json\/wp\/v2\/tags?post=10474"},{"taxonomy":"podcastfilter","embeddable":true,"href":"https:\/\/radio-aviva.com\/perpignan\/wp-json\/wp\/v2\/podcastfilter?post=10474"}],"curies":[{"name":"wp","href":"https:\/\/api.w.org\/{rel}","templated":true}]}}

USAP XV Toulouges, femmes à crampons en terrain cloisonné

<p><span class="notion-enable-hover" data-token-index="0">66 femmes des Pyrénées Orientales : découvrez les 66 destins qui ont marqué notre territoire. </span>Célèbres ou inconnues, les femmes catalanes ont profondément marqué l&rsquo;histoire et la géographie de la Catalogne Nord et ont transmis un riche héritage, de la préhistoire à nos jours. Le livre « Matrimoine catalan, 66 femmes », initié par l&rsquo;association IDEM question de genre les a mises en lumière. Dans ce portrait, découvrez l’USAP XV TOULOUGES, femmes à crampons en terrain cloisonné.</p>
