{"id":10479,"date":"2024-11-21T10:20:44","date_gmt":"2024-11-21T09:20:44","guid":{"rendered":"https:\/\/radio-aviva.com\/perpignan\/?post_type=podcast&#038;p=10479"},"modified":"2024-11-20T15:12:37","modified_gmt":"2024-11-20T14:12:37","slug":"attention-cultures-et-traditions-marion-foissier-responsable-du-digital-et-marketing","status":"publish","type":"podcast","link":"https:\/\/radio-aviva.com\/perpignan\/podcast\/attention-cultures-et-traditions-marion-foissier-responsable-du-digital-et-marketing\/","title":{"rendered":"Attention Cultures et Traditions &#8211; Marion Foissier, Responsable du Digital et Marketing"},"content":{"rendered":"<p>Vous cherchez des sorties familiales, vous vous demandez quoi pour les f\u00eates de No\u00ebl \u00e0 Perpignan\u00a0? On vous dit tout sur Radio AVIVA.<\/p>\n","protected":false},"author":1,"featured_media":10482,"template":"","tags":[],"podcastfilter":[170,272,144,145,151],"class_list":["post-10479","podcast","type-podcast","status-publish","has-post-thumbnail","hentry","podcastfilter-actions-culturelles","podcastfilter-culture","podcastfilter-histoire","podcastfilter-mag-de-la-redac","podcastfilter-patrimoine"],"_links":{"self":[{"href":"https:\/\/radio-aviva.com\/perpignan\/wp-json\/wp\/v2\/podcast\/10479","targetHints":{"allow":["GET"]}}],"collection":[{"href":"https:\/\/radio-aviva.com\/perpignan\/wp-json\/wp\/v2\/podcast"}],"about":[{"href":"https:\/\/radio-aviva.com\/perpignan\/wp-json\/wp\/v2\/types\/podcast"}],"author":[{"embeddable":true,"href":"https:\/\/radio-aviva.com\/perpignan\/wp-json\/wp\/v2\/users\/1"}],"version-history":[{"count":1,"href":"https:\/\/radio-aviva.com\/perpignan\/wp-json\/wp\/v2\/podcast\/10479\/revisions"}],"predecessor-version":[{"id":10481,"href":"https:\/\/radio-aviva.com\/perpignan\/wp-json\/wp\/v2\/podcast\/10479\/revisions\/10481"}],"wp:featuredmedia":[{"embeddable":true,"href":"https:\/\/radio-aviva.com\/perpignan\/wp-json\/wp\/v2\/media\/10482"}],"wp:attachment":[{"href":"https:\/\/radio-aviva.com\/perpignan\/wp-json\/wp\/v2\/media?parent=10479"}],"wp:term":[{"taxonomy":"post_tag","embeddable":true,"href":"https:\/\/radio-aviva.com\/perpignan\/wp-json\/wp\/v2\/tags?post=10479"},{"taxonomy":"podcastfilter","embeddable":true,"href":"https:\/\/radio-aviva.com\/perpignan\/wp-json\/wp\/v2\/podcastfilter?post=10479"}],"curies":[{"name":"wp","href":"https:\/\/api.w.org\/{rel}","templated":true}]}}

<p>Vous cherchez des sorties familiales, vous vous demandez quoi pour les fêtes de Noël à Perpignan ? On vous dit tout sur Radio AVIVA.</p>
