{"id":10484,"date":"2024-11-26T13:55:02","date_gmt":"2024-11-26T12:55:02","guid":{"rendered":"https:\/\/radio-aviva.com\/perpignan\/?post_type=podcast&#038;p=10484"},"modified":"2024-11-20T15:11:37","modified_gmt":"2024-11-20T14:11:37","slug":"attention-cultures-et-traditions-marion-foissier-responsable-digital-marketing","status":"publish","type":"podcast","link":"https:\/\/radio-aviva.com\/perpignan\/podcast\/attention-cultures-et-traditions-marion-foissier-responsable-digital-marketing\/","title":{"rendered":"Attention Cultures et Traditions &#8211; Marion Foissier, Responsable Digital, Marketing"},"content":{"rendered":"<p>vous vous demandez quoi pour les f\u00eates de No\u00ebl \u00e0 Perpignan\u00a0? On vous dit tout sur Radio AVIVA.<\/p>\n","protected":false},"author":1,"featured_media":10485,"template":"","tags":[],"podcastfilter":[170,165,144,151,109,186],"class_list":["post-10484","podcast","type-podcast","status-publish","has-post-thumbnail","hentry","podcastfilter-actions-culturelles","podcastfilter-culture-compagnie","podcastfilter-histoire","podcastfilter-patrimoine","podcastfilter-perpignan","podcastfilter-pyrenees-orientales-2"],"_links":{"self":[{"href":"https:\/\/radio-aviva.com\/perpignan\/wp-json\/wp\/v2\/podcast\/10484","targetHints":{"allow":["GET"]}}],"collection":[{"href":"https:\/\/radio-aviva.com\/perpignan\/wp-json\/wp\/v2\/podcast"}],"about":[{"href":"https:\/\/radio-aviva.com\/perpignan\/wp-json\/wp\/v2\/types\/podcast"}],"author":[{"embeddable":true,"href":"https:\/\/radio-aviva.com\/perpignan\/wp-json\/wp\/v2\/users\/1"}],"version-history":[{"count":1,"href":"https:\/\/radio-aviva.com\/perpignan\/wp-json\/wp\/v2\/podcast\/10484\/revisions"}],"predecessor-version":[{"id":10486,"href":"https:\/\/radio-aviva.com\/perpignan\/wp-json\/wp\/v2\/podcast\/10484\/revisions\/10486"}],"wp:featuredmedia":[{"embeddable":true,"href":"https:\/\/radio-aviva.com\/perpignan\/wp-json\/wp\/v2\/media\/10485"}],"wp:attachment":[{"href":"https:\/\/radio-aviva.com\/perpignan\/wp-json\/wp\/v2\/media?parent=10484"}],"wp:term":[{"taxonomy":"post_tag","embeddable":true,"href":"https:\/\/radio-aviva.com\/perpignan\/wp-json\/wp\/v2\/tags?post=10484"},{"taxonomy":"podcastfilter","embeddable":true,"href":"https:\/\/radio-aviva.com\/perpignan\/wp-json\/wp\/v2\/podcastfilter?post=10484"}],"curies":[{"name":"wp","href":"https:\/\/api.w.org\/{rel}","templated":true}]}}

<p>vous vous demandez quoi pour les fêtes de Noël à Perpignan ? On vous dit tout sur Radio AVIVA.</p>
