{"id":10493,"date":"2024-11-25T10:20:04","date_gmt":"2024-11-25T09:20:04","guid":{"rendered":"https:\/\/radio-aviva.com\/perpignan\/?post_type=podcast&#038;p=10493"},"modified":"2024-11-21T14:27:38","modified_gmt":"2024-11-21T13:27:38","slug":"el-mediator-julien-bieules-responsable-communication-et-presse","status":"publish","type":"podcast","link":"https:\/\/radio-aviva.com\/perpignan\/podcast\/el-mediator-julien-bieules-responsable-communication-et-presse\/","title":{"rendered":"El Mediator &#8211; Julien Bieules, Responsable Communication et Presse"},"content":{"rendered":"<p>Envie de concerts \u00e9tonnants, d\u00e9tonants avec des artistes a d\u00e9couvrir, des artistes que vous aimez ? Radio AVIVA re\u00e7oit Julien BIEULES , le Responsable Musiques Actuelles et Programmation de l\u2019Archipel \/ El M\u00e9diator pour ses coups de c\u0153urs au micro de Jean Dusdou.<\/p>\n","protected":false},"author":1,"featured_media":10494,"template":"","tags":[],"podcastfilter":[170,209,150,88,109,186],"class_list":["post-10493","podcast","type-podcast","status-publish","has-post-thumbnail","hentry","podcastfilter-actions-culturelles","podcastfilter-concert","podcastfilter-entracte","podcastfilter-musique","podcastfilter-perpignan","podcastfilter-pyrenees-orientales-2"],"_links":{"self":[{"href":"https:\/\/radio-aviva.com\/perpignan\/wp-json\/wp\/v2\/podcast\/10493","targetHints":{"allow":["GET"]}}],"collection":[{"href":"https:\/\/radio-aviva.com\/perpignan\/wp-json\/wp\/v2\/podcast"}],"about":[{"href":"https:\/\/radio-aviva.com\/perpignan\/wp-json\/wp\/v2\/types\/podcast"}],"author":[{"embeddable":true,"href":"https:\/\/radio-aviva.com\/perpignan\/wp-json\/wp\/v2\/users\/1"}],"version-history":[{"count":3,"href":"https:\/\/radio-aviva.com\/perpignan\/wp-json\/wp\/v2\/podcast\/10493\/revisions"}],"predecessor-version":[{"id":10497,"href":"https:\/\/radio-aviva.com\/perpignan\/wp-json\/wp\/v2\/podcast\/10493\/revisions\/10497"}],"wp:featuredmedia":[{"embeddable":true,"href":"https:\/\/radio-aviva.com\/perpignan\/wp-json\/wp\/v2\/media\/10494"}],"wp:attachment":[{"href":"https:\/\/radio-aviva.com\/perpignan\/wp-json\/wp\/v2\/media?parent=10493"}],"wp:term":[{"taxonomy":"post_tag","embeddable":true,"href":"https:\/\/radio-aviva.com\/perpignan\/wp-json\/wp\/v2\/tags?post=10493"},{"taxonomy":"podcastfilter","embeddable":true,"href":"https:\/\/radio-aviva.com\/perpignan\/wp-json\/wp\/v2\/podcastfilter?post=10493"}],"curies":[{"name":"wp","href":"https:\/\/api.w.org\/{rel}","templated":true}]}}

<p>Envie de concerts étonnants, détonants avec des artistes a découvrir, des artistes que vous aimez ? Radio AVIVA reçoit Julien BIEULES , le Responsable Musiques Actuelles et Programmation de l’Archipel / El Médiator pour ses coups de cœurs au micro de Jean Dusdou.</p>
