{"id":10507,"date":"2024-11-27T10:20:02","date_gmt":"2024-11-27T09:20:02","guid":{"rendered":"https:\/\/radio-aviva.com\/perpignan\/?post_type=podcast&#038;p=10507"},"modified":"2024-11-25T11:29:46","modified_gmt":"2024-11-25T10:29:46","slug":"splendeurs-de-chine-raphaelle-richard-coordinatrice-generale-parc-du-chateau-daubiry","status":"publish","type":"podcast","link":"https:\/\/radio-aviva.com\/perpignan\/podcast\/splendeurs-de-chine-raphaelle-richard-coordinatrice-generale-parc-du-chateau-daubiry\/","title":{"rendered":"Splendeurs de Chine &#8211; Rapha\u00eblle Richard, Coordinatrice G\u00e9n\u00e9rale, Parc du Ch\u00e2teau D&rsquo;Aubiry"},"content":{"rendered":"<p>Connaissez vous l\u2019art ancestral des lanternes chinoises ? Radio AVIVA vous fait d\u00e9couvrir Splendeurs de Chine au Parc du Ch\u00e2teau d&rsquo;Aubiry \u00e0 C\u00e9ret. Un voyage \u00e0 travers le chine, ses traditions, son astrologie, avec ses 3000 lanternes. Unique en France<\/p>\n","protected":false},"author":1,"featured_media":10508,"template":"","tags":[],"podcastfilter":[170,255,134,186],"class_list":["post-10507","podcast","type-podcast","status-publish","has-post-thumbnail","hentry","podcastfilter-actions-culturelles","podcastfilter-evenement","podcastfilter-exposition","podcastfilter-pyrenees-orientales-2"],"_links":{"self":[{"href":"https:\/\/radio-aviva.com\/perpignan\/wp-json\/wp\/v2\/podcast\/10507","targetHints":{"allow":["GET"]}}],"collection":[{"href":"https:\/\/radio-aviva.com\/perpignan\/wp-json\/wp\/v2\/podcast"}],"about":[{"href":"https:\/\/radio-aviva.com\/perpignan\/wp-json\/wp\/v2\/types\/podcast"}],"author":[{"embeddable":true,"href":"https:\/\/radio-aviva.com\/perpignan\/wp-json\/wp\/v2\/users\/1"}],"version-history":[{"count":1,"href":"https:\/\/radio-aviva.com\/perpignan\/wp-json\/wp\/v2\/podcast\/10507\/revisions"}],"predecessor-version":[{"id":10509,"href":"https:\/\/radio-aviva.com\/perpignan\/wp-json\/wp\/v2\/podcast\/10507\/revisions\/10509"}],"wp:featuredmedia":[{"embeddable":true,"href":"https:\/\/radio-aviva.com\/perpignan\/wp-json\/wp\/v2\/media\/10508"}],"wp:attachment":[{"href":"https:\/\/radio-aviva.com\/perpignan\/wp-json\/wp\/v2\/media?parent=10507"}],"wp:term":[{"taxonomy":"post_tag","embeddable":true,"href":"https:\/\/radio-aviva.com\/perpignan\/wp-json\/wp\/v2\/tags?post=10507"},{"taxonomy":"podcastfilter","embeddable":true,"href":"https:\/\/radio-aviva.com\/perpignan\/wp-json\/wp\/v2\/podcastfilter?post=10507"}],"curies":[{"name":"wp","href":"https:\/\/api.w.org\/{rel}","templated":true}]}}

Splendeurs de Chine &#8211; Raphaëlle Richard, Coordinatrice Générale, Parc du Château D&rsquo;Aubiry

<p>Connaissez vous l’art ancestral des lanternes chinoises ? Radio AVIVA vous fait découvrir Splendeurs de Chine au Parc du Château d&rsquo;Aubiry à Céret. Un voyage à travers le chine, ses traditions, son astrologie, avec ses 3000 lanternes. Unique en France</p>
