{"id":10516,"date":"2024-12-04T19:15:09","date_gmt":"2024-12-04T18:15:09","guid":{"rendered":"https:\/\/radio-aviva.com\/perpignan\/?post_type=podcast&#038;p=10516"},"modified":"2024-11-28T12:02:03","modified_gmt":"2024-11-28T11:02:03","slug":"journee-de-la-laicite-marion-foissier-responsable-digital-et-marketing","status":"publish","type":"podcast","link":"https:\/\/radio-aviva.com\/perpignan\/podcast\/journee-de-la-laicite-marion-foissier-responsable-digital-et-marketing\/","title":{"rendered":"Journ\u00e9e de la la\u00efcit\u00e9 &#8211; Marion Foissier, Responsable Digital et Marketing"},"content":{"rendered":"<p>Qu\u2019est ce que la la\u00efcit\u00e9 \u00e0 Perpignan ?<\/p>\n","protected":false},"author":1,"featured_media":9068,"template":"","tags":[],"podcastfilter":[170,126,135,109,186],"class_list":["post-10516","podcast","type-podcast","status-publish","has-post-thumbnail","hentry","podcastfilter-actions-culturelles","podcastfilter-education","podcastfilter-linvite-de-la-redaction","podcastfilter-perpignan","podcastfilter-pyrenees-orientales-2"],"_links":{"self":[{"href":"https:\/\/radio-aviva.com\/perpignan\/wp-json\/wp\/v2\/podcast\/10516","targetHints":{"allow":["GET"]}}],"collection":[{"href":"https:\/\/radio-aviva.com\/perpignan\/wp-json\/wp\/v2\/podcast"}],"about":[{"href":"https:\/\/radio-aviva.com\/perpignan\/wp-json\/wp\/v2\/types\/podcast"}],"author":[{"embeddable":true,"href":"https:\/\/radio-aviva.com\/perpignan\/wp-json\/wp\/v2\/users\/1"}],"version-history":[{"count":1,"href":"https:\/\/radio-aviva.com\/perpignan\/wp-json\/wp\/v2\/podcast\/10516\/revisions"}],"predecessor-version":[{"id":10517,"href":"https:\/\/radio-aviva.com\/perpignan\/wp-json\/wp\/v2\/podcast\/10516\/revisions\/10517"}],"wp:featuredmedia":[{"embeddable":true,"href":"https:\/\/radio-aviva.com\/perpignan\/wp-json\/wp\/v2\/media\/9068"}],"wp:attachment":[{"href":"https:\/\/radio-aviva.com\/perpignan\/wp-json\/wp\/v2\/media?parent=10516"}],"wp:term":[{"taxonomy":"post_tag","embeddable":true,"href":"https:\/\/radio-aviva.com\/perpignan\/wp-json\/wp\/v2\/tags?post=10516"},{"taxonomy":"podcastfilter","embeddable":true,"href":"https:\/\/radio-aviva.com\/perpignan\/wp-json\/wp\/v2\/podcastfilter?post=10516"}],"curies":[{"name":"wp","href":"https:\/\/api.w.org\/{rel}","templated":true}]}}

Journée de la laïcité &#8211; Marion Foissier, Responsable Digital et Marketing

<p>Qu’est ce que la laïcité à Perpignan ?</p>
