{"id":10518,"date":"2024-12-02T10:20:24","date_gmt":"2024-12-02T09:20:24","guid":{"rendered":"https:\/\/radio-aviva.com\/perpignan\/?post_type=podcast&#038;p=10518"},"modified":"2024-11-28T13:32:32","modified_gmt":"2024-11-28T12:32:32","slug":"saint-eloi-laurent-fonquernie-historien-et-guide-conferencier","status":"publish","type":"podcast","link":"https:\/\/radio-aviva.com\/perpignan\/podcast\/saint-eloi-laurent-fonquernie-historien-et-guide-conferencier\/","title":{"rendered":"Saint \u00e9loi &#8211; Laurent Fonquernie, historien et guide conf\u00e9rencier"},"content":{"rendered":"<p>Toute la ville se met aux couleurs sang-et-or afin de c\u00e9l\u00e9brer la tradition de fabrication de bijoux n\u00e9e \u00e0 Perpignan. Connaissez vous la tradition du Grenat \u00e0 Perpignan ? Venez alors f\u00eater la Saint-Eloi les 14 et 15 d\u00e9cembre prochain.<\/p>\n","protected":false},"author":1,"featured_media":10519,"template":"","tags":[],"podcastfilter":[170,150,151,109,186],"class_list":["post-10518","podcast","type-podcast","status-publish","has-post-thumbnail","hentry","podcastfilter-actions-culturelles","podcastfilter-entracte","podcastfilter-patrimoine","podcastfilter-perpignan","podcastfilter-pyrenees-orientales-2"],"_links":{"self":[{"href":"https:\/\/radio-aviva.com\/perpignan\/wp-json\/wp\/v2\/podcast\/10518","targetHints":{"allow":["GET"]}}],"collection":[{"href":"https:\/\/radio-aviva.com\/perpignan\/wp-json\/wp\/v2\/podcast"}],"about":[{"href":"https:\/\/radio-aviva.com\/perpignan\/wp-json\/wp\/v2\/types\/podcast"}],"author":[{"embeddable":true,"href":"https:\/\/radio-aviva.com\/perpignan\/wp-json\/wp\/v2\/users\/1"}],"version-history":[{"count":1,"href":"https:\/\/radio-aviva.com\/perpignan\/wp-json\/wp\/v2\/podcast\/10518\/revisions"}],"predecessor-version":[{"id":10520,"href":"https:\/\/radio-aviva.com\/perpignan\/wp-json\/wp\/v2\/podcast\/10518\/revisions\/10520"}],"wp:featuredmedia":[{"embeddable":true,"href":"https:\/\/radio-aviva.com\/perpignan\/wp-json\/wp\/v2\/media\/10519"}],"wp:attachment":[{"href":"https:\/\/radio-aviva.com\/perpignan\/wp-json\/wp\/v2\/media?parent=10518"}],"wp:term":[{"taxonomy":"post_tag","embeddable":true,"href":"https:\/\/radio-aviva.com\/perpignan\/wp-json\/wp\/v2\/tags?post=10518"},{"taxonomy":"podcastfilter","embeddable":true,"href":"https:\/\/radio-aviva.com\/perpignan\/wp-json\/wp\/v2\/podcastfilter?post=10518"}],"curies":[{"name":"wp","href":"https:\/\/api.w.org\/{rel}","templated":true}]}}

Saint éloi &#8211; Laurent Fonquernie, historien et guide conférencier

<p>Toute la ville se met aux couleurs sang-et-or afin de célébrer la tradition de fabrication de bijoux née à Perpignan. Connaissez vous la tradition du Grenat à Perpignan ? Venez alors fêter la Saint-Eloi les 14 et 15 décembre prochain.</p>
