{"id":10571,"date":"2024-12-10T13:55:27","date_gmt":"2024-12-10T12:55:27","guid":{"rendered":"https:\/\/radio-aviva.com\/perpignan\/?post_type=podcast&#038;p=10571"},"modified":"2024-12-09T15:28:01","modified_gmt":"2024-12-09T14:28:01","slug":"noel-au-musee-david-angelats-charge-de-communication","status":"publish","type":"podcast","link":"https:\/\/radio-aviva.com\/perpignan\/podcast\/noel-au-musee-david-angelats-charge-de-communication\/","title":{"rendered":"No\u00ebl au Mus\u00e9e &#8211; David Angelats, charg\u00e9 de communication"},"content":{"rendered":"<p>Partagez un moment en famille au mus\u00e9e de pr\u00e9histoire de Tautavel pendant les vacances de fin d&rsquo;ann\u00e9e.<\/p>\n","protected":false},"author":1,"featured_media":10572,"template":"","tags":[],"podcastfilter":[170,144,151,186],"class_list":["post-10571","podcast","type-podcast","status-publish","has-post-thumbnail","hentry","podcastfilter-actions-culturelles","podcastfilter-histoire","podcastfilter-patrimoine","podcastfilter-pyrenees-orientales-2"],"_links":{"self":[{"href":"https:\/\/radio-aviva.com\/perpignan\/wp-json\/wp\/v2\/podcast\/10571","targetHints":{"allow":["GET"]}}],"collection":[{"href":"https:\/\/radio-aviva.com\/perpignan\/wp-json\/wp\/v2\/podcast"}],"about":[{"href":"https:\/\/radio-aviva.com\/perpignan\/wp-json\/wp\/v2\/types\/podcast"}],"author":[{"embeddable":true,"href":"https:\/\/radio-aviva.com\/perpignan\/wp-json\/wp\/v2\/users\/1"}],"version-history":[{"count":1,"href":"https:\/\/radio-aviva.com\/perpignan\/wp-json\/wp\/v2\/podcast\/10571\/revisions"}],"predecessor-version":[{"id":10573,"href":"https:\/\/radio-aviva.com\/perpignan\/wp-json\/wp\/v2\/podcast\/10571\/revisions\/10573"}],"wp:featuredmedia":[{"embeddable":true,"href":"https:\/\/radio-aviva.com\/perpignan\/wp-json\/wp\/v2\/media\/10572"}],"wp:attachment":[{"href":"https:\/\/radio-aviva.com\/perpignan\/wp-json\/wp\/v2\/media?parent=10571"}],"wp:term":[{"taxonomy":"post_tag","embeddable":true,"href":"https:\/\/radio-aviva.com\/perpignan\/wp-json\/wp\/v2\/tags?post=10571"},{"taxonomy":"podcastfilter","embeddable":true,"href":"https:\/\/radio-aviva.com\/perpignan\/wp-json\/wp\/v2\/podcastfilter?post=10571"}],"curies":[{"name":"wp","href":"https:\/\/api.w.org\/{rel}","templated":true}]}}

Noël au Musée &#8211; David Angelats, chargé de communication

<p>Partagez un moment en famille au musée de préhistoire de Tautavel pendant les vacances de fin d&rsquo;année.</p>
