{"id":10578,"date":"2024-12-16T09:57:04","date_gmt":"2024-12-16T08:57:04","guid":{"rendered":"https:\/\/radio-aviva.com\/perpignan\/?post_type=podcast&#038;p=10578"},"modified":"2024-12-16T09:57:04","modified_gmt":"2024-12-16T08:57:04","slug":"https-open-acast-com-public-streams-63b2e69e751c1b0010377301-episodes-675fe98ba89833ab779dc284-mp3","status":"publish","type":"podcast","link":"https:\/\/radio-aviva.com\/perpignan\/podcast\/https-open-acast-com-public-streams-63b2e69e751c1b0010377301-episodes-675fe98ba89833ab779dc284-mp3\/","title":{"rendered":"https:\/\/open.acast.com\/public\/streams\/63b2e69e751c1b0010377301\/episodes\/675fe98ba89833ab779dc284.mp3"},"content":{"rendered":"<p>Que fait l\u2019association Perpi&amp;moi pour apporter la magie de No\u00ebl aux plus jeunes malgr\u00e9 leur hospitalisation ? R\u00e9ponse sur Radio AVIVA<\/p>\n","protected":false},"author":337,"featured_media":10579,"template":"","tags":[],"podcastfilter":[190,109],"class_list":["post-10578","podcast","type-podcast","status-publish","has-post-thumbnail","hentry","podcastfilter-association","podcastfilter-perpignan"],"_links":{"self":[{"href":"https:\/\/radio-aviva.com\/perpignan\/wp-json\/wp\/v2\/podcast\/10578","targetHints":{"allow":["GET"]}}],"collection":[{"href":"https:\/\/radio-aviva.com\/perpignan\/wp-json\/wp\/v2\/podcast"}],"about":[{"href":"https:\/\/radio-aviva.com\/perpignan\/wp-json\/wp\/v2\/types\/podcast"}],"author":[{"embeddable":true,"href":"https:\/\/radio-aviva.com\/perpignan\/wp-json\/wp\/v2\/users\/337"}],"version-history":[{"count":1,"href":"https:\/\/radio-aviva.com\/perpignan\/wp-json\/wp\/v2\/podcast\/10578\/revisions"}],"predecessor-version":[{"id":10580,"href":"https:\/\/radio-aviva.com\/perpignan\/wp-json\/wp\/v2\/podcast\/10578\/revisions\/10580"}],"wp:featuredmedia":[{"embeddable":true,"href":"https:\/\/radio-aviva.com\/perpignan\/wp-json\/wp\/v2\/media\/10579"}],"wp:attachment":[{"href":"https:\/\/radio-aviva.com\/perpignan\/wp-json\/wp\/v2\/media?parent=10578"}],"wp:term":[{"taxonomy":"post_tag","embeddable":true,"href":"https:\/\/radio-aviva.com\/perpignan\/wp-json\/wp\/v2\/tags?post=10578"},{"taxonomy":"podcastfilter","embeddable":true,"href":"https:\/\/radio-aviva.com\/perpignan\/wp-json\/wp\/v2\/podcastfilter?post=10578"}],"curies":[{"name":"wp","href":"https:\/\/api.w.org\/{rel}","templated":true}]}}

<p>Que fait l’association Perpi&amp;moi pour apporter la magie de Noël aux plus jeunes malgré leur hospitalisation ? Réponse sur Radio AVIVA</p>
