{"id":10583,"date":"2024-12-17T15:39:42","date_gmt":"2024-12-17T14:39:42","guid":{"rendered":"https:\/\/radio-aviva.com\/perpignan\/?post_type=podcast&#038;p=10583"},"modified":"2024-12-17T15:39:42","modified_gmt":"2024-12-17T14:39:42","slug":"festival-lumieres-sur-mer-a-collioure-esaie-dahmane-aloujes-responsable-communication-public","status":"publish","type":"podcast","link":"https:\/\/radio-aviva.com\/perpignan\/podcast\/festival-lumieres-sur-mer-a-collioure-esaie-dahmane-aloujes-responsable-communication-public\/","title":{"rendered":"Festival Lumi\u00e8res sur Mer \u00e0 Collioure &#8211; Esa\u00efe Dahmane Aloujes, Responsable communication public"},"content":{"rendered":"<p><span class=\"notion-enable-hover\" data-token-index=\"0\">Collioure, dans les Pyr\u00e9n\u00e9es-Orientales, est \u00ab\u00a0Le Village pr\u00e9f\u00e9r\u00e9 des Fran\u00e7ais 2024\u00a0\u00bb<\/span>\u00a0et c\u2019est aussi Lumi\u00e8res Sur Mer. Qu\u2019est ce que c\u2019est ? la grande mise en lumi\u00e8re spectaculaire des monuments de la ville sur les murs du ch\u00e2teau Royal, de l\u2019Eglise ainsi que du Clocher ! On en parle sur Radio Aviva<\/p>\n","protected":false},"author":1,"featured_media":10584,"template":"","tags":[],"podcastfilter":[170,165,186],"class_list":["post-10583","podcast","type-podcast","status-publish","has-post-thumbnail","hentry","podcastfilter-actions-culturelles","podcastfilter-culture-compagnie","podcastfilter-pyrenees-orientales-2"],"_links":{"self":[{"href":"https:\/\/radio-aviva.com\/perpignan\/wp-json\/wp\/v2\/podcast\/10583","targetHints":{"allow":["GET"]}}],"collection":[{"href":"https:\/\/radio-aviva.com\/perpignan\/wp-json\/wp\/v2\/podcast"}],"about":[{"href":"https:\/\/radio-aviva.com\/perpignan\/wp-json\/wp\/v2\/types\/podcast"}],"author":[{"embeddable":true,"href":"https:\/\/radio-aviva.com\/perpignan\/wp-json\/wp\/v2\/users\/1"}],"version-history":[{"count":1,"href":"https:\/\/radio-aviva.com\/perpignan\/wp-json\/wp\/v2\/podcast\/10583\/revisions"}],"predecessor-version":[{"id":10585,"href":"https:\/\/radio-aviva.com\/perpignan\/wp-json\/wp\/v2\/podcast\/10583\/revisions\/10585"}],"wp:featuredmedia":[{"embeddable":true,"href":"https:\/\/radio-aviva.com\/perpignan\/wp-json\/wp\/v2\/media\/10584"}],"wp:attachment":[{"href":"https:\/\/radio-aviva.com\/perpignan\/wp-json\/wp\/v2\/media?parent=10583"}],"wp:term":[{"taxonomy":"post_tag","embeddable":true,"href":"https:\/\/radio-aviva.com\/perpignan\/wp-json\/wp\/v2\/tags?post=10583"},{"taxonomy":"podcastfilter","embeddable":true,"href":"https:\/\/radio-aviva.com\/perpignan\/wp-json\/wp\/v2\/podcastfilter?post=10583"}],"curies":[{"name":"wp","href":"https:\/\/api.w.org\/{rel}","templated":true}]}}

Festival Lumières sur Mer à Collioure &#8211; Esaïe Dahmane Aloujes, Responsable communication public

<p><span class="notion-enable-hover" data-token-index="0">Collioure, dans les Pyrénées-Orientales, est « Le Village préféré des Français 2024 »</span> et c’est aussi Lumières Sur Mer. Qu’est ce que c’est ? la grande mise en lumière spectaculaire des monuments de la ville sur les murs du château Royal, de l’Eglise ainsi que du Clocher ! On en parle sur Radio Aviva</p>
