{"id":10596,"date":"2024-12-18T15:30:33","date_gmt":"2024-12-18T14:30:33","guid":{"rendered":"https:\/\/radio-aviva.com\/perpignan\/?post_type=podcast&#038;p=10596"},"modified":"2024-12-18T15:30:33","modified_gmt":"2024-12-18T14:30:33","slug":"intermede-n-alizee-dir-m-rodriguez-educ-spe-enfance-catalane","status":"publish","type":"podcast","link":"https:\/\/radio-aviva.com\/perpignan\/podcast\/intermede-n-alizee-dir-m-rodriguez-educ-spe-enfance-catalane\/","title":{"rendered":"INTERMEDE &#8211; N ALIZEE, DIR, M RODRIGUEZ, EDUC SPE ENFANCE CATALANE"},"content":{"rendered":"<p><span class=\"notion-enable-hover\" data-token-index=\"0\">Association Loi de 1901, l\u2019Enfance Catalane a \u00e9t\u00e9 cr\u00e9\u00e9e en 1937. Son but est la protection des enfants en danger physique ou moral ainsi que le soutien des personnes en difficult\u00e9. Pr\u00e9sentation de l\u2019association et du dispositif Interm\u00e8de<\/span><\/p>\n","protected":false},"author":1,"featured_media":9953,"template":"","tags":[],"podcastfilter":[],"class_list":["post-10596","podcast","type-podcast","status-publish","has-post-thumbnail","hentry"],"_links":{"self":[{"href":"https:\/\/radio-aviva.com\/perpignan\/wp-json\/wp\/v2\/podcast\/10596","targetHints":{"allow":["GET"]}}],"collection":[{"href":"https:\/\/radio-aviva.com\/perpignan\/wp-json\/wp\/v2\/podcast"}],"about":[{"href":"https:\/\/radio-aviva.com\/perpignan\/wp-json\/wp\/v2\/types\/podcast"}],"author":[{"embeddable":true,"href":"https:\/\/radio-aviva.com\/perpignan\/wp-json\/wp\/v2\/users\/1"}],"version-history":[{"count":2,"href":"https:\/\/radio-aviva.com\/perpignan\/wp-json\/wp\/v2\/podcast\/10596\/revisions"}],"predecessor-version":[{"id":10598,"href":"https:\/\/radio-aviva.com\/perpignan\/wp-json\/wp\/v2\/podcast\/10596\/revisions\/10598"}],"wp:featuredmedia":[{"embeddable":true,"href":"https:\/\/radio-aviva.com\/perpignan\/wp-json\/wp\/v2\/media\/9953"}],"wp:attachment":[{"href":"https:\/\/radio-aviva.com\/perpignan\/wp-json\/wp\/v2\/media?parent=10596"}],"wp:term":[{"taxonomy":"post_tag","embeddable":true,"href":"https:\/\/radio-aviva.com\/perpignan\/wp-json\/wp\/v2\/tags?post=10596"},{"taxonomy":"podcastfilter","embeddable":true,"href":"https:\/\/radio-aviva.com\/perpignan\/wp-json\/wp\/v2\/podcastfilter?post=10596"}],"curies":[{"name":"wp","href":"https:\/\/api.w.org\/{rel}","templated":true}]}}

<p><span class="notion-enable-hover" data-token-index="0">Association Loi de 1901, l’Enfance Catalane a été créée en 1937. Son but est la protection des enfants en danger physique ou moral ainsi que le soutien des personnes en difficulté. Présentation de l’association et du dispositif Intermède</span></p>
