{"id":10605,"date":"2024-12-18T16:13:14","date_gmt":"2024-12-18T15:13:14","guid":{"rendered":"https:\/\/radio-aviva.com\/perpignan\/?post_type=podcast&#038;p=10605"},"modified":"2024-12-18T16:13:14","modified_gmt":"2024-12-18T15:13:14","slug":"presentation-api-s-amigas-pdt-dir-api","status":"publish","type":"podcast","link":"https:\/\/radio-aviva.com\/perpignan\/podcast\/presentation-api-s-amigas-pdt-dir-api\/","title":{"rendered":"PRESENTATION API &#8211; S AMIGAS, PDT DIR API"},"content":{"rendered":"<p>API, autrement dit Association Pour l&rsquo;Inclusion a pour but de conduire de belles actions sociales et solidaires avec un ensemble de partenaires, \u00e0 travers l&rsquo;utilisation de l&rsquo;outil num\u00e9rique et de la r\u00e9alit\u00e9 virtuelle. S\u00e9bastien Amigas, nous pr\u00e9sente son association.<\/p>\n","protected":false},"author":1,"featured_media":9953,"template":"","tags":[],"podcastfilter":[],"class_list":["post-10605","podcast","type-podcast","status-publish","has-post-thumbnail","hentry"],"_links":{"self":[{"href":"https:\/\/radio-aviva.com\/perpignan\/wp-json\/wp\/v2\/podcast\/10605","targetHints":{"allow":["GET"]}}],"collection":[{"href":"https:\/\/radio-aviva.com\/perpignan\/wp-json\/wp\/v2\/podcast"}],"about":[{"href":"https:\/\/radio-aviva.com\/perpignan\/wp-json\/wp\/v2\/types\/podcast"}],"author":[{"embeddable":true,"href":"https:\/\/radio-aviva.com\/perpignan\/wp-json\/wp\/v2\/users\/1"}],"version-history":[{"count":1,"href":"https:\/\/radio-aviva.com\/perpignan\/wp-json\/wp\/v2\/podcast\/10605\/revisions"}],"predecessor-version":[{"id":10606,"href":"https:\/\/radio-aviva.com\/perpignan\/wp-json\/wp\/v2\/podcast\/10605\/revisions\/10606"}],"wp:featuredmedia":[{"embeddable":true,"href":"https:\/\/radio-aviva.com\/perpignan\/wp-json\/wp\/v2\/media\/9953"}],"wp:attachment":[{"href":"https:\/\/radio-aviva.com\/perpignan\/wp-json\/wp\/v2\/media?parent=10605"}],"wp:term":[{"taxonomy":"post_tag","embeddable":true,"href":"https:\/\/radio-aviva.com\/perpignan\/wp-json\/wp\/v2\/tags?post=10605"},{"taxonomy":"podcastfilter","embeddable":true,"href":"https:\/\/radio-aviva.com\/perpignan\/wp-json\/wp\/v2\/podcastfilter?post=10605"}],"curies":[{"name":"wp","href":"https:\/\/api.w.org\/{rel}","templated":true}]}}

<p>API, autrement dit Association Pour l&rsquo;Inclusion a pour but de conduire de belles actions sociales et solidaires avec un ensemble de partenaires, à travers l&rsquo;utilisation de l&rsquo;outil numérique et de la réalité virtuelle. Sébastien Amigas, nous présente son association.</p>
