{"id":10607,"date":"2024-12-18T16:25:36","date_gmt":"2024-12-18T15:25:36","guid":{"rendered":"https:\/\/radio-aviva.com\/perpignan\/?post_type=podcast&#038;p=10607"},"modified":"2024-12-18T16:25:36","modified_gmt":"2024-12-18T15:25:36","slug":"partenariat-cidff-france-travail-s-hernandez-dir-cidff66-a-danycan-dir-ter-france-travail","status":"publish","type":"podcast","link":"https:\/\/radio-aviva.com\/perpignan\/podcast\/partenariat-cidff-france-travail-s-hernandez-dir-cidff66-a-danycan-dir-ter-france-travail\/","title":{"rendered":"PARTENARIAT CIDFF FRANCE TRAVAIL &#8211; S HERNANDEZ, DIR CIDFF66, A DANYCAN , DIR TER FRANCE TRAVAIL"},"content":{"rendered":"<p>Le Centre d\u2019Information du Droit des Femmes et des Familles et France Travail signent une convention de partenariat pour faciliter et acc\u00e9l\u00e9rer le retour \u00e0 l\u2019emploi des femmes en situation de fragilit\u00e9.<br \/>\nLes deux partenaires s\u2019engagent autour de quatre axes\u00a0majeurs pour le bon d\u00e9roulement de cette collaboration. Anne Danycan et Sandra Hernandez nous parler de ce partenariat.<\/p>\n","protected":false},"author":1,"featured_media":9808,"template":"","tags":[],"podcastfilter":[],"class_list":["post-10607","podcast","type-podcast","status-publish","has-post-thumbnail","hentry"],"_links":{"self":[{"href":"https:\/\/radio-aviva.com\/perpignan\/wp-json\/wp\/v2\/podcast\/10607","targetHints":{"allow":["GET"]}}],"collection":[{"href":"https:\/\/radio-aviva.com\/perpignan\/wp-json\/wp\/v2\/podcast"}],"about":[{"href":"https:\/\/radio-aviva.com\/perpignan\/wp-json\/wp\/v2\/types\/podcast"}],"author":[{"embeddable":true,"href":"https:\/\/radio-aviva.com\/perpignan\/wp-json\/wp\/v2\/users\/1"}],"version-history":[{"count":1,"href":"https:\/\/radio-aviva.com\/perpignan\/wp-json\/wp\/v2\/podcast\/10607\/revisions"}],"predecessor-version":[{"id":10608,"href":"https:\/\/radio-aviva.com\/perpignan\/wp-json\/wp\/v2\/podcast\/10607\/revisions\/10608"}],"wp:featuredmedia":[{"embeddable":true,"href":"https:\/\/radio-aviva.com\/perpignan\/wp-json\/wp\/v2\/media\/9808"}],"wp:attachment":[{"href":"https:\/\/radio-aviva.com\/perpignan\/wp-json\/wp\/v2\/media?parent=10607"}],"wp:term":[{"taxonomy":"post_tag","embeddable":true,"href":"https:\/\/radio-aviva.com\/perpignan\/wp-json\/wp\/v2\/tags?post=10607"},{"taxonomy":"podcastfilter","embeddable":true,"href":"https:\/\/radio-aviva.com\/perpignan\/wp-json\/wp\/v2\/podcastfilter?post=10607"}],"curies":[{"name":"wp","href":"https:\/\/api.w.org\/{rel}","templated":true}]}}

<p>Le Centre d’Information du Droit des Femmes et des Familles et France Travail signent une convention de partenariat pour faciliter et accélérer le retour à l’emploi des femmes en situation de fragilité.<br />
Les deux partenaires s’engagent autour de quatre axes majeurs pour le bon déroulement de cette collaboration. Anne Danycan et Sandra Hernandez nous parler de ce partenariat.</p>
