{"id":10614,"date":"2024-12-23T15:08:31","date_gmt":"2024-12-23T14:08:31","guid":{"rendered":"https:\/\/radio-aviva.com\/perpignan\/?post_type=podcast&#038;p=10614"},"modified":"2024-12-20T17:03:33","modified_gmt":"2024-12-20T16:03:33","slug":"expo-sur-lecole-des-arts-et-metiers-durant-la-deuxieme-guerre-mondiale-jean-marc-durieux-president-am","status":"publish","type":"podcast","link":"https:\/\/radio-aviva.com\/perpignan\/podcast\/expo-sur-lecole-des-arts-et-metiers-durant-la-deuxieme-guerre-mondiale-jean-marc-durieux-president-am\/","title":{"rendered":"Expo sur l&rsquo;\u00e9cole des Arts et M\u00e9tiers durant la deuxi\u00e8me guerre mondiale &#8211; Jean Marc Durieux, Pr\u00e9sident  A&#038;M"},"content":{"rendered":"<p>Engagement et R\u00e9sistance c\u2019est l\u2019exposition itin\u00e9rante sur les \u00e9l\u00e8ves, Gadzarts, enseignants des \u00e9coles d\u2019Art et M\u00e9tiers au cours de la 2\u00e8me guerre Mondiale<\/p>\n","protected":false},"author":1,"featured_media":10615,"template":"","tags":[],"podcastfilter":[217,170,145],"class_list":["post-10614","podcast","type-podcast","status-publish","has-post-thumbnail","hentry","podcastfilter-academie","podcastfilter-actions-culturelles","podcastfilter-mag-de-la-redac"],"_links":{"self":[{"href":"https:\/\/radio-aviva.com\/perpignan\/wp-json\/wp\/v2\/podcast\/10614","targetHints":{"allow":["GET"]}}],"collection":[{"href":"https:\/\/radio-aviva.com\/perpignan\/wp-json\/wp\/v2\/podcast"}],"about":[{"href":"https:\/\/radio-aviva.com\/perpignan\/wp-json\/wp\/v2\/types\/podcast"}],"author":[{"embeddable":true,"href":"https:\/\/radio-aviva.com\/perpignan\/wp-json\/wp\/v2\/users\/1"}],"version-history":[{"count":2,"href":"https:\/\/radio-aviva.com\/perpignan\/wp-json\/wp\/v2\/podcast\/10614\/revisions"}],"predecessor-version":[{"id":10617,"href":"https:\/\/radio-aviva.com\/perpignan\/wp-json\/wp\/v2\/podcast\/10614\/revisions\/10617"}],"wp:featuredmedia":[{"embeddable":true,"href":"https:\/\/radio-aviva.com\/perpignan\/wp-json\/wp\/v2\/media\/10615"}],"wp:attachment":[{"href":"https:\/\/radio-aviva.com\/perpignan\/wp-json\/wp\/v2\/media?parent=10614"}],"wp:term":[{"taxonomy":"post_tag","embeddable":true,"href":"https:\/\/radio-aviva.com\/perpignan\/wp-json\/wp\/v2\/tags?post=10614"},{"taxonomy":"podcastfilter","embeddable":true,"href":"https:\/\/radio-aviva.com\/perpignan\/wp-json\/wp\/v2\/podcastfilter?post=10614"}],"curies":[{"name":"wp","href":"https:\/\/api.w.org\/{rel}","templated":true}]}}

Expo sur l&rsquo;école des Arts et Métiers durant la deuxième guerre mondiale &#8211; Jean Marc Durieux, Président  A&#038;M

<p>Engagement et Résistance c’est l’exposition itinérante sur les élèves, Gadzarts, enseignants des écoles d’Art et Métiers au cours de la 2ème guerre Mondiale</p>
