{"id":10618,"date":"2024-12-20T17:16:39","date_gmt":"2024-12-20T16:16:39","guid":{"rendered":"https:\/\/radio-aviva.com\/perpignan\/?post_type=podcast&#038;p=10618"},"modified":"2024-12-20T17:16:39","modified_gmt":"2024-12-20T16:16:39","slug":"bilan-pref-et-projets-2024-t-bonnier-prefet-p-o","status":"publish","type":"podcast","link":"https:\/\/radio-aviva.com\/perpignan\/podcast\/bilan-pref-et-projets-2024-t-bonnier-prefet-p-o\/","title":{"rendered":"BILAN PREF ET PROJETS 2024 &#8211; T BONNIER, PREFET P-O"},"content":{"rendered":"<p>Suite \u00e0 une maraude, r\u00e9alis\u00e9 avec la Croix Rouge, fin 2023, Thierry Bonnier, pr\u00e9fet des Pyr\u00e9n\u00e9es-Orientales vient nous t\u00e9moigner de son ressentis sur l\u2019experience, le bilan qu\u2019il en fait et les mesures qu\u2019il souhaiterait mettre en place face \u00e0 l\u2019urgence sociale.<\/p>\n","protected":false},"author":1,"featured_media":9808,"template":"","tags":[],"podcastfilter":[],"class_list":["post-10618","podcast","type-podcast","status-publish","has-post-thumbnail","hentry"],"_links":{"self":[{"href":"https:\/\/radio-aviva.com\/perpignan\/wp-json\/wp\/v2\/podcast\/10618","targetHints":{"allow":["GET"]}}],"collection":[{"href":"https:\/\/radio-aviva.com\/perpignan\/wp-json\/wp\/v2\/podcast"}],"about":[{"href":"https:\/\/radio-aviva.com\/perpignan\/wp-json\/wp\/v2\/types\/podcast"}],"author":[{"embeddable":true,"href":"https:\/\/radio-aviva.com\/perpignan\/wp-json\/wp\/v2\/users\/1"}],"version-history":[{"count":1,"href":"https:\/\/radio-aviva.com\/perpignan\/wp-json\/wp\/v2\/podcast\/10618\/revisions"}],"predecessor-version":[{"id":10619,"href":"https:\/\/radio-aviva.com\/perpignan\/wp-json\/wp\/v2\/podcast\/10618\/revisions\/10619"}],"wp:featuredmedia":[{"embeddable":true,"href":"https:\/\/radio-aviva.com\/perpignan\/wp-json\/wp\/v2\/media\/9808"}],"wp:attachment":[{"href":"https:\/\/radio-aviva.com\/perpignan\/wp-json\/wp\/v2\/media?parent=10618"}],"wp:term":[{"taxonomy":"post_tag","embeddable":true,"href":"https:\/\/radio-aviva.com\/perpignan\/wp-json\/wp\/v2\/tags?post=10618"},{"taxonomy":"podcastfilter","embeddable":true,"href":"https:\/\/radio-aviva.com\/perpignan\/wp-json\/wp\/v2\/podcastfilter?post=10618"}],"curies":[{"name":"wp","href":"https:\/\/api.w.org\/{rel}","templated":true}]}}

<p>Suite à une maraude, réalisé avec la Croix Rouge, fin 2023, Thierry Bonnier, préfet des Pyrénées-Orientales vient nous témoigner de son ressentis sur l’experience, le bilan qu’il en fait et les mesures qu’il souhaiterait mettre en place face à l’urgence sociale.</p>
