{"id":10624,"date":"2024-12-23T13:39:21","date_gmt":"2024-12-23T12:39:21","guid":{"rendered":"https:\/\/radio-aviva.com\/perpignan\/?post_type=podcast&#038;p=10624"},"modified":"2024-12-23T13:39:21","modified_gmt":"2024-12-23T12:39:21","slug":"greenland-fest-j-guillet-fdt-symphony-prod","status":"publish","type":"podcast","link":"https:\/\/radio-aviva.com\/perpignan\/podcast\/greenland-fest-j-guillet-fdt-symphony-prod\/","title":{"rendered":"GREENLAND FEST &#8211; J GUILLET, FDT SYMPHONY PROD"},"content":{"rendered":"<p>Le Greenland Festival est un festival de musique \u00e9co-responsable. Leur 3\u00e8me \u00e9dition se d\u00e9roulera du 31 mai au 2 juin prochain \u00e0 Palau Del Vidre<\/p>\n","protected":false},"author":1,"featured_media":9068,"template":"","tags":[],"podcastfilter":[272,142],"class_list":["post-10624","podcast","type-podcast","status-publish","has-post-thumbnail","hentry","podcastfilter-culture","podcastfilter-ecologie"],"_links":{"self":[{"href":"https:\/\/radio-aviva.com\/perpignan\/wp-json\/wp\/v2\/podcast\/10624","targetHints":{"allow":["GET"]}}],"collection":[{"href":"https:\/\/radio-aviva.com\/perpignan\/wp-json\/wp\/v2\/podcast"}],"about":[{"href":"https:\/\/radio-aviva.com\/perpignan\/wp-json\/wp\/v2\/types\/podcast"}],"author":[{"embeddable":true,"href":"https:\/\/radio-aviva.com\/perpignan\/wp-json\/wp\/v2\/users\/1"}],"version-history":[{"count":1,"href":"https:\/\/radio-aviva.com\/perpignan\/wp-json\/wp\/v2\/podcast\/10624\/revisions"}],"predecessor-version":[{"id":10625,"href":"https:\/\/radio-aviva.com\/perpignan\/wp-json\/wp\/v2\/podcast\/10624\/revisions\/10625"}],"wp:featuredmedia":[{"embeddable":true,"href":"https:\/\/radio-aviva.com\/perpignan\/wp-json\/wp\/v2\/media\/9068"}],"wp:attachment":[{"href":"https:\/\/radio-aviva.com\/perpignan\/wp-json\/wp\/v2\/media?parent=10624"}],"wp:term":[{"taxonomy":"post_tag","embeddable":true,"href":"https:\/\/radio-aviva.com\/perpignan\/wp-json\/wp\/v2\/tags?post=10624"},{"taxonomy":"podcastfilter","embeddable":true,"href":"https:\/\/radio-aviva.com\/perpignan\/wp-json\/wp\/v2\/podcastfilter?post=10624"}],"curies":[{"name":"wp","href":"https:\/\/api.w.org\/{rel}","templated":true}]}}

<p>Le Greenland Festival est un festival de musique éco-responsable. Leur 3ème édition se déroulera du 31 mai au 2 juin prochain à Palau Del Vidre</p>
