{"id":10628,"date":"2024-12-23T14:15:49","date_gmt":"2024-12-23T13:15:49","guid":{"rendered":"https:\/\/radio-aviva.com\/perpignan\/?post_type=podcast&#038;p=10628"},"modified":"2024-12-23T14:15:49","modified_gmt":"2024-12-23T13:15:49","slug":"no-women-no-cry-valerie-kokinopoulos-valko-artistes-arts66","status":"publish","type":"podcast","link":"https:\/\/radio-aviva.com\/perpignan\/podcast\/no-women-no-cry-valerie-kokinopoulos-valko-artistes-arts66\/","title":{"rendered":"NO WOMEN NO CRY &#8211; Val\u00e9rie KOKINOPOULOS Valko,  ARTISTES ARTS66"},"content":{"rendered":"<p>L\u2019exposition No Woman No cry est le travail artistique d\u2019une dizaine d\u2019artistes de chez Arts66 autour de la femme dans le cadre de la semaine internationale du droit des femmes, en collaboration avec le d\u00e9partement des Pyr\u00e9n\u00e9es-Orientales. B\u00e9atrice Nicolau ainsi que Valko, Sia, Titia, Grib et Olivier viennent nous pr\u00e9senter leur travail et leur engagement.<\/p>\n","protected":false},"author":1,"featured_media":9557,"template":"","tags":[],"podcastfilter":[],"class_list":["post-10628","podcast","type-podcast","status-publish","has-post-thumbnail","hentry"],"_links":{"self":[{"href":"https:\/\/radio-aviva.com\/perpignan\/wp-json\/wp\/v2\/podcast\/10628","targetHints":{"allow":["GET"]}}],"collection":[{"href":"https:\/\/radio-aviva.com\/perpignan\/wp-json\/wp\/v2\/podcast"}],"about":[{"href":"https:\/\/radio-aviva.com\/perpignan\/wp-json\/wp\/v2\/types\/podcast"}],"author":[{"embeddable":true,"href":"https:\/\/radio-aviva.com\/perpignan\/wp-json\/wp\/v2\/users\/1"}],"version-history":[{"count":1,"href":"https:\/\/radio-aviva.com\/perpignan\/wp-json\/wp\/v2\/podcast\/10628\/revisions"}],"predecessor-version":[{"id":10629,"href":"https:\/\/radio-aviva.com\/perpignan\/wp-json\/wp\/v2\/podcast\/10628\/revisions\/10629"}],"wp:featuredmedia":[{"embeddable":true,"href":"https:\/\/radio-aviva.com\/perpignan\/wp-json\/wp\/v2\/media\/9557"}],"wp:attachment":[{"href":"https:\/\/radio-aviva.com\/perpignan\/wp-json\/wp\/v2\/media?parent=10628"}],"wp:term":[{"taxonomy":"post_tag","embeddable":true,"href":"https:\/\/radio-aviva.com\/perpignan\/wp-json\/wp\/v2\/tags?post=10628"},{"taxonomy":"podcastfilter","embeddable":true,"href":"https:\/\/radio-aviva.com\/perpignan\/wp-json\/wp\/v2\/podcastfilter?post=10628"}],"curies":[{"name":"wp","href":"https:\/\/api.w.org\/{rel}","templated":true}]}}

NO WOMEN NO CRY &#8211; Valérie KOKINOPOULOS Valko,  ARTISTES ARTS66

<p>L’exposition No Woman No cry est le travail artistique d’une dizaine d’artistes de chez Arts66 autour de la femme dans le cadre de la semaine internationale du droit des femmes, en collaboration avec le département des Pyrénées-Orientales. Béatrice Nicolau ainsi que Valko, Sia, Titia, Grib et Olivier viennent nous présenter leur travail et leur engagement.</p>
