{"id":10630,"date":"2024-12-23T14:25:13","date_gmt":"2024-12-23T13:25:13","guid":{"rendered":"https:\/\/radio-aviva.com\/perpignan\/?post_type=podcast&#038;p=10630"},"modified":"2024-12-23T14:25:13","modified_gmt":"2024-12-23T13:25:13","slug":"rifle-solidaire-s-s-segarra-fondateurs-asso-pour-le-bonheur-de-tyron","status":"publish","type":"podcast","link":"https:\/\/radio-aviva.com\/perpignan\/podcast\/rifle-solidaire-s-s-segarra-fondateurs-asso-pour-le-bonheur-de-tyron\/","title":{"rendered":"RIFLE SOLIDAIRE &#8211; S &#038; S SEGARRA, FONDATEURS ASSO POUR LE BONHEUR DE TYRON"},"content":{"rendered":"<p>Pour le bonheur de Tyron est une association qui \u00e0 pour objet de r\u00e9colter des fonds afin de financer les frais importants engendr\u00e9s par la Myopathie de Duchenne dont Tyron Segarra est atteint. Ses parents, Steven et Sabrina, viennent nous pr\u00e9senter l\u2019association et la rifle solidaire qu\u2019ils organisent le 2 mars prochain.<\/p>\n","protected":false},"author":1,"featured_media":9068,"template":"","tags":[],"podcastfilter":[],"class_list":["post-10630","podcast","type-podcast","status-publish","has-post-thumbnail","hentry"],"_links":{"self":[{"href":"https:\/\/radio-aviva.com\/perpignan\/wp-json\/wp\/v2\/podcast\/10630","targetHints":{"allow":["GET"]}}],"collection":[{"href":"https:\/\/radio-aviva.com\/perpignan\/wp-json\/wp\/v2\/podcast"}],"about":[{"href":"https:\/\/radio-aviva.com\/perpignan\/wp-json\/wp\/v2\/types\/podcast"}],"author":[{"embeddable":true,"href":"https:\/\/radio-aviva.com\/perpignan\/wp-json\/wp\/v2\/users\/1"}],"version-history":[{"count":1,"href":"https:\/\/radio-aviva.com\/perpignan\/wp-json\/wp\/v2\/podcast\/10630\/revisions"}],"predecessor-version":[{"id":10631,"href":"https:\/\/radio-aviva.com\/perpignan\/wp-json\/wp\/v2\/podcast\/10630\/revisions\/10631"}],"wp:featuredmedia":[{"embeddable":true,"href":"https:\/\/radio-aviva.com\/perpignan\/wp-json\/wp\/v2\/media\/9068"}],"wp:attachment":[{"href":"https:\/\/radio-aviva.com\/perpignan\/wp-json\/wp\/v2\/media?parent=10630"}],"wp:term":[{"taxonomy":"post_tag","embeddable":true,"href":"https:\/\/radio-aviva.com\/perpignan\/wp-json\/wp\/v2\/tags?post=10630"},{"taxonomy":"podcastfilter","embeddable":true,"href":"https:\/\/radio-aviva.com\/perpignan\/wp-json\/wp\/v2\/podcastfilter?post=10630"}],"curies":[{"name":"wp","href":"https:\/\/api.w.org\/{rel}","templated":true}]}}

<p>Pour le bonheur de Tyron est une association qui à pour objet de récolter des fonds afin de financer les frais importants engendrés par la Myopathie de Duchenne dont Tyron Segarra est atteint. Ses parents, Steven et Sabrina, viennent nous présenter l’association et la rifle solidaire qu’ils organisent le 2 mars prochain.</p>
