{"id":10634,"date":"2024-12-23T14:40:20","date_gmt":"2024-12-23T13:40:20","guid":{"rendered":"https:\/\/radio-aviva.com\/perpignan\/?post_type=podcast&#038;p=10634"},"modified":"2024-12-23T14:40:20","modified_gmt":"2024-12-23T13:40:20","slug":"30-ans-maison-de-leurope-francois-figueras-president-de-la-maison-de-leurope","status":"publish","type":"podcast","link":"https:\/\/radio-aviva.com\/perpignan\/podcast\/30-ans-maison-de-leurope-francois-figueras-president-de-la-maison-de-leurope\/","title":{"rendered":"30 ANS MAISON DE L&rsquo;EUROPE &#8211; Fran\u00e7ois FIGUERAS, Pr\u00e9sident de la MAISON DE L&rsquo;EUROPE"},"content":{"rendered":"<p>La maison de L\u2019Europe Pyr\u00e9n\u00e9es-Roussillon f\u00eate cette ann\u00e9e ces 30 ans. A cette occasion, une journ\u00e9e sp\u00e9ciale est organis\u00e9 le 2 mars prochain \u00e0 Saint-G\u00e9nis-des-fontaines. Fran\u00e7ois Figueras, pr\u00e9sident de l\u2019association, vient nous parler de l\u2019histoire de la structure ainsi que la journ\u00e9e du 2 mars.<\/p>\n","protected":false},"author":1,"featured_media":9808,"template":"","tags":[],"podcastfilter":[],"class_list":["post-10634","podcast","type-podcast","status-publish","has-post-thumbnail","hentry"],"_links":{"self":[{"href":"https:\/\/radio-aviva.com\/perpignan\/wp-json\/wp\/v2\/podcast\/10634","targetHints":{"allow":["GET"]}}],"collection":[{"href":"https:\/\/radio-aviva.com\/perpignan\/wp-json\/wp\/v2\/podcast"}],"about":[{"href":"https:\/\/radio-aviva.com\/perpignan\/wp-json\/wp\/v2\/types\/podcast"}],"author":[{"embeddable":true,"href":"https:\/\/radio-aviva.com\/perpignan\/wp-json\/wp\/v2\/users\/1"}],"version-history":[{"count":1,"href":"https:\/\/radio-aviva.com\/perpignan\/wp-json\/wp\/v2\/podcast\/10634\/revisions"}],"predecessor-version":[{"id":10635,"href":"https:\/\/radio-aviva.com\/perpignan\/wp-json\/wp\/v2\/podcast\/10634\/revisions\/10635"}],"wp:featuredmedia":[{"embeddable":true,"href":"https:\/\/radio-aviva.com\/perpignan\/wp-json\/wp\/v2\/media\/9808"}],"wp:attachment":[{"href":"https:\/\/radio-aviva.com\/perpignan\/wp-json\/wp\/v2\/media?parent=10634"}],"wp:term":[{"taxonomy":"post_tag","embeddable":true,"href":"https:\/\/radio-aviva.com\/perpignan\/wp-json\/wp\/v2\/tags?post=10634"},{"taxonomy":"podcastfilter","embeddable":true,"href":"https:\/\/radio-aviva.com\/perpignan\/wp-json\/wp\/v2\/podcastfilter?post=10634"}],"curies":[{"name":"wp","href":"https:\/\/api.w.org\/{rel}","templated":true}]}}

30 ANS MAISON DE L&rsquo;EUROPE &#8211; François FIGUERAS, Président de la MAISON DE L&rsquo;EUROPE

<p>La maison de L’Europe Pyrénées-Roussillon fête cette année ces 30 ans. A cette occasion, une journée spéciale est organisé le 2 mars prochain à Saint-Génis-des-fontaines. François Figueras, président de l’association, vient nous parler de l’histoire de la structure ainsi que la journée du 2 mars.</p>
