{"id":10639,"date":"2024-12-23T15:32:55","date_gmt":"2024-12-23T14:32:55","guid":{"rendered":"https:\/\/radio-aviva.com\/perpignan\/?post_type=podcast&#038;p=10639"},"modified":"2024-12-23T15:32:55","modified_gmt":"2024-12-23T14:32:55","slug":"39-eme-foirexpo-de-perpignan-vincent-theven-fondateur-decologene-solution-de-generateurs-ecologiques-2","status":"publish","type":"podcast","link":"https:\/\/radio-aviva.com\/perpignan\/podcast\/39-eme-foirexpo-de-perpignan-vincent-theven-fondateur-decologene-solution-de-generateurs-ecologiques-2\/","title":{"rendered":"39 \u00c8ME FOIREXPO DE PERPIGNAN \u2013 VINCENT THEVEN, FONDATEUR D&rsquo;ECOLOGENE, SOLUTION DE GENERATEURS ECOLOGIQUES"},"content":{"rendered":"<p>\u00c0 la 39\u00e8me Foire Expo de Perpignan, Vincent Theven, cr\u00e9ateur et fondateur d&rsquo;\u00c9colog\u00e8ne, a \u00e9t\u00e9 interview\u00e9 au micro de Radio Aviva pour pr\u00e9senter sa solution de g\u00e9n\u00e9rateurs \u00e9cologiques.<\/p>\n","protected":false},"author":1,"featured_media":10637,"template":"","tags":[],"podcastfilter":[],"class_list":["post-10639","podcast","type-podcast","status-publish","has-post-thumbnail","hentry"],"_links":{"self":[{"href":"https:\/\/radio-aviva.com\/perpignan\/wp-json\/wp\/v2\/podcast\/10639","targetHints":{"allow":["GET"]}}],"collection":[{"href":"https:\/\/radio-aviva.com\/perpignan\/wp-json\/wp\/v2\/podcast"}],"about":[{"href":"https:\/\/radio-aviva.com\/perpignan\/wp-json\/wp\/v2\/types\/podcast"}],"author":[{"embeddable":true,"href":"https:\/\/radio-aviva.com\/perpignan\/wp-json\/wp\/v2\/users\/1"}],"version-history":[{"count":1,"href":"https:\/\/radio-aviva.com\/perpignan\/wp-json\/wp\/v2\/podcast\/10639\/revisions"}],"predecessor-version":[{"id":10640,"href":"https:\/\/radio-aviva.com\/perpignan\/wp-json\/wp\/v2\/podcast\/10639\/revisions\/10640"}],"wp:featuredmedia":[{"embeddable":true,"href":"https:\/\/radio-aviva.com\/perpignan\/wp-json\/wp\/v2\/media\/10637"}],"wp:attachment":[{"href":"https:\/\/radio-aviva.com\/perpignan\/wp-json\/wp\/v2\/media?parent=10639"}],"wp:term":[{"taxonomy":"post_tag","embeddable":true,"href":"https:\/\/radio-aviva.com\/perpignan\/wp-json\/wp\/v2\/tags?post=10639"},{"taxonomy":"podcastfilter","embeddable":true,"href":"https:\/\/radio-aviva.com\/perpignan\/wp-json\/wp\/v2\/podcastfilter?post=10639"}],"curies":[{"name":"wp","href":"https:\/\/api.w.org\/{rel}","templated":true}]}}

39 ÈME FOIREXPO DE PERPIGNAN – VINCENT THEVEN, FONDATEUR D&rsquo;ECOLOGENE, SOLUTION DE GENERATEURS ECOLOGIQUES

<p>À la 39ème Foire Expo de Perpignan, Vincent Theven, créateur et fondateur d&rsquo;Écologène, a été interviewé au micro de Radio Aviva pour présenter sa solution de générateurs écologiques.</p>
