{"id":10641,"date":"2024-12-23T15:37:46","date_gmt":"2024-12-23T14:37:46","guid":{"rendered":"https:\/\/radio-aviva.com\/perpignan\/?post_type=podcast&#038;p=10641"},"modified":"2024-12-23T15:37:46","modified_gmt":"2024-12-23T14:37:46","slug":"emma-salies-presidente-de-lassociation-osons-debattre-ensemble-2","status":"publish","type":"podcast","link":"https:\/\/radio-aviva.com\/perpignan\/podcast\/emma-salies-presidente-de-lassociation-osons-debattre-ensemble-2\/","title":{"rendered":"\u00c9MMA SALIES, PR\u00c9SIDENTE DE L&rsquo;ASSOCIATION OSONS DEBATTRE ENSEMBLE"},"content":{"rendered":"<p>\u00c0 la 39\u00e8me Foire Expo de Perpignan, Emma Salies, pr\u00e9sidente de l&rsquo;association Osons D\u00e9battre Ensemble, c&rsquo;est assise au plateau de Radio Aviva pour nous pr\u00e9senter l&rsquo;association dans tout ses d\u00e9tails.<\/p>\n","protected":false},"author":1,"featured_media":10637,"template":"","tags":[],"podcastfilter":[],"class_list":["post-10641","podcast","type-podcast","status-publish","has-post-thumbnail","hentry"],"_links":{"self":[{"href":"https:\/\/radio-aviva.com\/perpignan\/wp-json\/wp\/v2\/podcast\/10641","targetHints":{"allow":["GET"]}}],"collection":[{"href":"https:\/\/radio-aviva.com\/perpignan\/wp-json\/wp\/v2\/podcast"}],"about":[{"href":"https:\/\/radio-aviva.com\/perpignan\/wp-json\/wp\/v2\/types\/podcast"}],"author":[{"embeddable":true,"href":"https:\/\/radio-aviva.com\/perpignan\/wp-json\/wp\/v2\/users\/1"}],"version-history":[{"count":1,"href":"https:\/\/radio-aviva.com\/perpignan\/wp-json\/wp\/v2\/podcast\/10641\/revisions"}],"predecessor-version":[{"id":10642,"href":"https:\/\/radio-aviva.com\/perpignan\/wp-json\/wp\/v2\/podcast\/10641\/revisions\/10642"}],"wp:featuredmedia":[{"embeddable":true,"href":"https:\/\/radio-aviva.com\/perpignan\/wp-json\/wp\/v2\/media\/10637"}],"wp:attachment":[{"href":"https:\/\/radio-aviva.com\/perpignan\/wp-json\/wp\/v2\/media?parent=10641"}],"wp:term":[{"taxonomy":"post_tag","embeddable":true,"href":"https:\/\/radio-aviva.com\/perpignan\/wp-json\/wp\/v2\/tags?post=10641"},{"taxonomy":"podcastfilter","embeddable":true,"href":"https:\/\/radio-aviva.com\/perpignan\/wp-json\/wp\/v2\/podcastfilter?post=10641"}],"curies":[{"name":"wp","href":"https:\/\/api.w.org\/{rel}","templated":true}]}}

ÉMMA SALIES, PRÉSIDENTE DE L&rsquo;ASSOCIATION OSONS DEBATTRE ENSEMBLE

<p>À la 39ème Foire Expo de Perpignan, Emma Salies, présidente de l&rsquo;association Osons Débattre Ensemble, c&rsquo;est assise au plateau de Radio Aviva pour nous présenter l&rsquo;association dans tout ses détails.</p>
