{"id":10643,"date":"2024-12-23T15:42:30","date_gmt":"2024-12-23T14:42:30","guid":{"rendered":"https:\/\/radio-aviva.com\/perpignan\/?post_type=podcast&#038;p=10643"},"modified":"2024-12-23T15:42:30","modified_gmt":"2024-12-23T14:42:30","slug":"39-eme-foirexpo-de-perpignan-david-smietana-responsable-des-ventes-du-groupe-scala-2","status":"publish","type":"podcast","link":"https:\/\/radio-aviva.com\/perpignan\/podcast\/39-eme-foirexpo-de-perpignan-david-smietana-responsable-des-ventes-du-groupe-scala-2\/","title":{"rendered":"39 \u00c8ME FOIREXPO DE PERPIGNAN \u2013 DAVID SMIETANA, RESPONSABLE DES VENTES DU GROUPE SCALA"},"content":{"rendered":"<p>\u00c0 la 39\u00e8me Foire Expo de Perpignan, David Smietana, responsable des ventes du groupe scala Perpignan nous pr\u00e9sentes le groupe et leur engouement pour l&rsquo;environnement<\/p>\n","protected":false},"author":1,"featured_media":10637,"template":"","tags":[],"podcastfilter":[],"class_list":["post-10643","podcast","type-podcast","status-publish","has-post-thumbnail","hentry"],"_links":{"self":[{"href":"https:\/\/radio-aviva.com\/perpignan\/wp-json\/wp\/v2\/podcast\/10643","targetHints":{"allow":["GET"]}}],"collection":[{"href":"https:\/\/radio-aviva.com\/perpignan\/wp-json\/wp\/v2\/podcast"}],"about":[{"href":"https:\/\/radio-aviva.com\/perpignan\/wp-json\/wp\/v2\/types\/podcast"}],"author":[{"embeddable":true,"href":"https:\/\/radio-aviva.com\/perpignan\/wp-json\/wp\/v2\/users\/1"}],"version-history":[{"count":1,"href":"https:\/\/radio-aviva.com\/perpignan\/wp-json\/wp\/v2\/podcast\/10643\/revisions"}],"predecessor-version":[{"id":10644,"href":"https:\/\/radio-aviva.com\/perpignan\/wp-json\/wp\/v2\/podcast\/10643\/revisions\/10644"}],"wp:featuredmedia":[{"embeddable":true,"href":"https:\/\/radio-aviva.com\/perpignan\/wp-json\/wp\/v2\/media\/10637"}],"wp:attachment":[{"href":"https:\/\/radio-aviva.com\/perpignan\/wp-json\/wp\/v2\/media?parent=10643"}],"wp:term":[{"taxonomy":"post_tag","embeddable":true,"href":"https:\/\/radio-aviva.com\/perpignan\/wp-json\/wp\/v2\/tags?post=10643"},{"taxonomy":"podcastfilter","embeddable":true,"href":"https:\/\/radio-aviva.com\/perpignan\/wp-json\/wp\/v2\/podcastfilter?post=10643"}],"curies":[{"name":"wp","href":"https:\/\/api.w.org\/{rel}","templated":true}]}}

39 ÈME FOIREXPO DE PERPIGNAN – DAVID SMIETANA, RESPONSABLE DES VENTES DU GROUPE SCALA

<p>À la 39ème Foire Expo de Perpignan, David Smietana, responsable des ventes du groupe scala Perpignan nous présentes le groupe et leur engouement pour l&rsquo;environnement</p>
