{"id":10698,"date":"2025-01-07T19:07:50","date_gmt":"2025-01-07T18:07:50","guid":{"rendered":"https:\/\/radio-aviva.com\/perpignan\/?post_type=podcast&#038;p=10698"},"modified":"2025-01-07T10:38:11","modified_gmt":"2025-01-07T09:38:11","slug":"10-ans-de-lattentat-de-charlie-hebdo-vincent-girard-commissaire-de-lexposition","status":"publish","type":"podcast","link":"https:\/\/radio-aviva.com\/perpignan\/podcast\/10-ans-de-lattentat-de-charlie-hebdo-vincent-girard-commissaire-de-lexposition\/","title":{"rendered":"10 ans de l&rsquo;attentat de Charlie Hebdo &#8211; Vincent GIRARD, Commissaire de l&rsquo;exposition"},"content":{"rendered":"<p>10 ans qu\u2019a eu lieu l&rsquo;attentat de Charlie Hebdo. L\u2019h\u00f4tel du D\u00e9partement de Perpignan accueille jusqu\u2019au 15 f\u00e9vrier l\u2019exposition par le Club de la presse Occitanie \u201cIls d\u00e9passent les Bornes . Une exposition in\u00e9dite qui parle de la libert\u00e9 d\u2019expression et du travail du dessinateur de presse. On en parle sur Radio Aviva.<\/p>\n","protected":false},"author":1,"featured_media":10699,"template":"","tags":[],"podcastfilter":[168,134,135,223],"class_list":["post-10698","podcast","type-podcast","status-publish","has-post-thumbnail","hentry","podcastfilter-artiste","podcastfilter-exposition","podcastfilter-linvite-de-la-redaction","podcastfilter-solidaire"],"_links":{"self":[{"href":"https:\/\/radio-aviva.com\/perpignan\/wp-json\/wp\/v2\/podcast\/10698","targetHints":{"allow":["GET"]}}],"collection":[{"href":"https:\/\/radio-aviva.com\/perpignan\/wp-json\/wp\/v2\/podcast"}],"about":[{"href":"https:\/\/radio-aviva.com\/perpignan\/wp-json\/wp\/v2\/types\/podcast"}],"author":[{"embeddable":true,"href":"https:\/\/radio-aviva.com\/perpignan\/wp-json\/wp\/v2\/users\/1"}],"version-history":[{"count":1,"href":"https:\/\/radio-aviva.com\/perpignan\/wp-json\/wp\/v2\/podcast\/10698\/revisions"}],"predecessor-version":[{"id":10700,"href":"https:\/\/radio-aviva.com\/perpignan\/wp-json\/wp\/v2\/podcast\/10698\/revisions\/10700"}],"wp:featuredmedia":[{"embeddable":true,"href":"https:\/\/radio-aviva.com\/perpignan\/wp-json\/wp\/v2\/media\/10699"}],"wp:attachment":[{"href":"https:\/\/radio-aviva.com\/perpignan\/wp-json\/wp\/v2\/media?parent=10698"}],"wp:term":[{"taxonomy":"post_tag","embeddable":true,"href":"https:\/\/radio-aviva.com\/perpignan\/wp-json\/wp\/v2\/tags?post=10698"},{"taxonomy":"podcastfilter","embeddable":true,"href":"https:\/\/radio-aviva.com\/perpignan\/wp-json\/wp\/v2\/podcastfilter?post=10698"}],"curies":[{"name":"wp","href":"https:\/\/api.w.org\/{rel}","templated":true}]}}

<p>10 ans qu’a eu lieu l&rsquo;attentat de Charlie Hebdo. L’hôtel du Département de Perpignan accueille jusqu’au 15 février l’exposition par le Club de la presse Occitanie “Ils dépassent les Bornes . Une exposition inédite qui parle de la liberté d’expression et du travail du dessinateur de presse. On en parle sur Radio Aviva.</p>
