{"id":10705,"date":"2025-01-09T19:07:12","date_gmt":"2025-01-09T18:07:12","guid":{"rendered":"https:\/\/radio-aviva.com\/perpignan\/?post_type=podcast&#038;p=10705"},"modified":"2025-01-07T14:50:20","modified_gmt":"2025-01-07T13:50:20","slug":"perp-initiatives-david-tranchecoste-adjoint-au-maire","status":"publish","type":"podcast","link":"https:\/\/radio-aviva.com\/perpignan\/podcast\/perp-initiatives-david-tranchecoste-adjoint-au-maire\/","title":{"rendered":"Perp &lsquo;Initiatives &#8211; David TRANCHECOSTE, adjoint au maire"},"content":{"rendered":"<p>Vous avez des projets qui r\u00e9pondent aux enjeux de proximit\u00e9 et d\u00e9veloppement durable sur le territoire de Perpignan\u00a0? Perp\u2019 Initiatives c\u2019est peut \u00eatre pour vous<\/p>\n","protected":false},"author":1,"featured_media":10706,"template":"","tags":[],"podcastfilter":[142,143,175,135,109],"class_list":["post-10705","podcast","type-podcast","status-publish","has-post-thumbnail","hentry","podcastfilter-ecologie","podcastfilter-environnement","podcastfilter-invite-de-la-redaction","podcastfilter-linvite-de-la-redaction","podcastfilter-perpignan"],"_links":{"self":[{"href":"https:\/\/radio-aviva.com\/perpignan\/wp-json\/wp\/v2\/podcast\/10705","targetHints":{"allow":["GET"]}}],"collection":[{"href":"https:\/\/radio-aviva.com\/perpignan\/wp-json\/wp\/v2\/podcast"}],"about":[{"href":"https:\/\/radio-aviva.com\/perpignan\/wp-json\/wp\/v2\/types\/podcast"}],"author":[{"embeddable":true,"href":"https:\/\/radio-aviva.com\/perpignan\/wp-json\/wp\/v2\/users\/1"}],"version-history":[{"count":1,"href":"https:\/\/radio-aviva.com\/perpignan\/wp-json\/wp\/v2\/podcast\/10705\/revisions"}],"predecessor-version":[{"id":10707,"href":"https:\/\/radio-aviva.com\/perpignan\/wp-json\/wp\/v2\/podcast\/10705\/revisions\/10707"}],"wp:featuredmedia":[{"embeddable":true,"href":"https:\/\/radio-aviva.com\/perpignan\/wp-json\/wp\/v2\/media\/10706"}],"wp:attachment":[{"href":"https:\/\/radio-aviva.com\/perpignan\/wp-json\/wp\/v2\/media?parent=10705"}],"wp:term":[{"taxonomy":"post_tag","embeddable":true,"href":"https:\/\/radio-aviva.com\/perpignan\/wp-json\/wp\/v2\/tags?post=10705"},{"taxonomy":"podcastfilter","embeddable":true,"href":"https:\/\/radio-aviva.com\/perpignan\/wp-json\/wp\/v2\/podcastfilter?post=10705"}],"curies":[{"name":"wp","href":"https:\/\/api.w.org\/{rel}","templated":true}]}}

<p>Vous avez des projets qui répondent aux enjeux de proximité et développement durable sur le territoire de Perpignan ? Perp’ Initiatives c’est peut être pour vous</p>
