{"id":10708,"date":"2025-01-13T13:45:54","date_gmt":"2025-01-13T12:45:54","guid":{"rendered":"https:\/\/radio-aviva.com\/perpignan\/?post_type=podcast&#038;p=10708"},"modified":"2025-01-10T11:02:27","modified_gmt":"2025-01-10T10:02:27","slug":"les-reines-du-drame-vincent-michecoppin-coordinateur-groupe-cinema-de-lgbt66","status":"publish","type":"podcast","link":"https:\/\/radio-aviva.com\/perpignan\/podcast\/les-reines-du-drame-vincent-michecoppin-coordinateur-groupe-cinema-de-lgbt66\/","title":{"rendered":"Les Reines du drame &#8211; Vincent MICHECOPPIN, Coordinateur groupe cin\u00e9ma de LGBT+66"},"content":{"rendered":"<p>Le Centre LGBT+66, en partenariat avec le cin\u00e9ma Castillet, organise la projection du film en avant premi\u00e8re \u00ab\u00a0Les Reines du drame\u00a0\u00bb de Alexis Langlois. Il s&rsquo;agit d&rsquo;une com\u00e9die musicale folle et queer au casting remarquable et in\u00e9dite \u00e0 Perpignan !<\/p>\n","protected":false},"author":1,"featured_media":10711,"template":"","tags":[],"podcastfilter":[128,165,127,255,283,197,198],"class_list":["post-10708","podcast","type-podcast","status-publish","has-post-thumbnail","hentry","podcastfilter-cinema","podcastfilter-culture-compagnie","podcastfilter-culture-et-compagnie","podcastfilter-evenement","podcastfilter-lgbt","podcastfilter-lutte-contre-lhomophobie","podcastfilter-lutte-contre-la-transphobie"],"_links":{"self":[{"href":"https:\/\/radio-aviva.com\/perpignan\/wp-json\/wp\/v2\/podcast\/10708","targetHints":{"allow":["GET"]}}],"collection":[{"href":"https:\/\/radio-aviva.com\/perpignan\/wp-json\/wp\/v2\/podcast"}],"about":[{"href":"https:\/\/radio-aviva.com\/perpignan\/wp-json\/wp\/v2\/types\/podcast"}],"author":[{"embeddable":true,"href":"https:\/\/radio-aviva.com\/perpignan\/wp-json\/wp\/v2\/users\/1"}],"version-history":[{"count":1,"href":"https:\/\/radio-aviva.com\/perpignan\/wp-json\/wp\/v2\/podcast\/10708\/revisions"}],"predecessor-version":[{"id":10710,"href":"https:\/\/radio-aviva.com\/perpignan\/wp-json\/wp\/v2\/podcast\/10708\/revisions\/10710"}],"wp:featuredmedia":[{"embeddable":true,"href":"https:\/\/radio-aviva.com\/perpignan\/wp-json\/wp\/v2\/media\/10711"}],"wp:attachment":[{"href":"https:\/\/radio-aviva.com\/perpignan\/wp-json\/wp\/v2\/media?parent=10708"}],"wp:term":[{"taxonomy":"post_tag","embeddable":true,"href":"https:\/\/radio-aviva.com\/perpignan\/wp-json\/wp\/v2\/tags?post=10708"},{"taxonomy":"podcastfilter","embeddable":true,"href":"https:\/\/radio-aviva.com\/perpignan\/wp-json\/wp\/v2\/podcastfilter?post=10708"}],"curies":[{"name":"wp","href":"https:\/\/api.w.org\/{rel}","templated":true}]}}

Les Reines du drame &#8211; Vincent MICHECOPPIN, Coordinateur groupe cinéma de LGBT+66

<p>Le Centre LGBT+66, en partenariat avec le cinéma Castillet, organise la projection du film en avant première « Les Reines du drame » de Alexis Langlois. Il s&rsquo;agit d&rsquo;une comédie musicale folle et queer au casting remarquable et inédite à Perpignan !</p>
