{"id":10713,"date":"2025-01-13T19:07:16","date_gmt":"2025-01-13T18:07:16","guid":{"rendered":"https:\/\/radio-aviva.com\/perpignan\/?post_type=podcast&#038;p=10713"},"modified":"2025-01-10T14:25:56","modified_gmt":"2025-01-10T13:25:56","slug":"le-medef-66-julien-coulomb-president-et-directeur-de-la-clinique-saint-pierre","status":"publish","type":"podcast","link":"https:\/\/radio-aviva.com\/perpignan\/podcast\/le-medef-66-julien-coulomb-president-et-directeur-de-la-clinique-saint-pierre\/","title":{"rendered":"LE MEDEF 66 &#8211; Julien COULOMB, Pr\u00e9sident et directeur de la Clinique Saint Pierre"},"content":{"rendered":"<p>Quel est le r\u00f4le du MEDEF Pyr\u00e9n\u00e9es Orientales ? On vous en parle sur Radio AVIVA<\/p>\n","protected":false},"author":1,"featured_media":10716,"template":"","tags":[],"podcastfilter":[175,135,295,186,229],"class_list":["post-10713","podcast","type-podcast","status-publish","has-post-thumbnail","hentry","podcastfilter-invite-de-la-redaction","podcastfilter-linvite-de-la-redaction","podcastfilter-medecine","podcastfilter-pyrenees-orientales-2","podcastfilter-recherche-medicale"],"_links":{"self":[{"href":"https:\/\/radio-aviva.com\/perpignan\/wp-json\/wp\/v2\/podcast\/10713","targetHints":{"allow":["GET"]}}],"collection":[{"href":"https:\/\/radio-aviva.com\/perpignan\/wp-json\/wp\/v2\/podcast"}],"about":[{"href":"https:\/\/radio-aviva.com\/perpignan\/wp-json\/wp\/v2\/types\/podcast"}],"author":[{"embeddable":true,"href":"https:\/\/radio-aviva.com\/perpignan\/wp-json\/wp\/v2\/users\/1"}],"version-history":[{"count":1,"href":"https:\/\/radio-aviva.com\/perpignan\/wp-json\/wp\/v2\/podcast\/10713\/revisions"}],"predecessor-version":[{"id":10715,"href":"https:\/\/radio-aviva.com\/perpignan\/wp-json\/wp\/v2\/podcast\/10713\/revisions\/10715"}],"wp:featuredmedia":[{"embeddable":true,"href":"https:\/\/radio-aviva.com\/perpignan\/wp-json\/wp\/v2\/media\/10716"}],"wp:attachment":[{"href":"https:\/\/radio-aviva.com\/perpignan\/wp-json\/wp\/v2\/media?parent=10713"}],"wp:term":[{"taxonomy":"post_tag","embeddable":true,"href":"https:\/\/radio-aviva.com\/perpignan\/wp-json\/wp\/v2\/tags?post=10713"},{"taxonomy":"podcastfilter","embeddable":true,"href":"https:\/\/radio-aviva.com\/perpignan\/wp-json\/wp\/v2\/podcastfilter?post=10713"}],"curies":[{"name":"wp","href":"https:\/\/api.w.org\/{rel}","templated":true}]}}

LE MEDEF 66 &#8211; Julien COULOMB, Président et directeur de la Clinique Saint Pierre

<p>Quel est le rôle du MEDEF Pyrénées Orientales ? On vous en parle sur Radio AVIVA</p>
