{"id":10725,"date":"2025-01-15T13:54:45","date_gmt":"2025-01-15T12:54:45","guid":{"rendered":"https:\/\/radio-aviva.com\/perpignan\/?post_type=podcast&#038;p=10725"},"modified":"2025-01-15T16:25:38","modified_gmt":"2025-01-15T15:25:38","slug":"les-projets-2024-de-labopera-karine-laleu-directrice-artistique","status":"publish","type":"podcast","link":"https:\/\/radio-aviva.com\/perpignan\/podcast\/les-projets-2024-de-labopera-karine-laleu-directrice-artistique\/","title":{"rendered":"Les projets  2024 de  LABOPERA &#8211; Karine LALEU, Directrice Artistique"},"content":{"rendered":"<p>Le Labop\u00e9ra a mis en oeuvre en octobre dernier, un Grand Ap\u00e9rop\u00e9ra\u00a0\u00bb au\u00a0<span class=\"notion-enable-hover\" data-token-index=\"1\">lyc\u00e9e Louise Michel<\/span>\u00a0de Narbonne, \u00e9v\u00e9nement qui a r\u00e9uni les repr\u00e9sentants des 9 \u00e9tablissements des 4 d\u00e9partements de la r\u00e9gion participant \u00e0 la mise en \u0153uvre de l&rsquo;op\u00e9ra coop\u00e9ratif\u00a0<span class=\"notion-enable-hover\" data-token-index=\"3\">\u00ab\u00a0Rom\u00e9o &amp; Juliette\u00a0\u00bb\u00a0<\/span>(Aude, Gard, H\u00e9rault et Pyr\u00e9n\u00e9es-Orientales). Dans cette interview Karine Laleu nous pr\u00e9sente l\u2019avanc\u00e9 de ce projet, sa construction et les projets et prochains spectacles de 2024.<\/p>\n","protected":false},"author":1,"featured_media":9557,"template":"","tags":[],"podcastfilter":[],"class_list":["post-10725","podcast","type-podcast","status-publish","has-post-thumbnail","hentry"],"_links":{"self":[{"href":"https:\/\/radio-aviva.com\/perpignan\/wp-json\/wp\/v2\/podcast\/10725","targetHints":{"allow":["GET"]}}],"collection":[{"href":"https:\/\/radio-aviva.com\/perpignan\/wp-json\/wp\/v2\/podcast"}],"about":[{"href":"https:\/\/radio-aviva.com\/perpignan\/wp-json\/wp\/v2\/types\/podcast"}],"author":[{"embeddable":true,"href":"https:\/\/radio-aviva.com\/perpignan\/wp-json\/wp\/v2\/users\/1"}],"version-history":[{"count":1,"href":"https:\/\/radio-aviva.com\/perpignan\/wp-json\/wp\/v2\/podcast\/10725\/revisions"}],"predecessor-version":[{"id":10726,"href":"https:\/\/radio-aviva.com\/perpignan\/wp-json\/wp\/v2\/podcast\/10725\/revisions\/10726"}],"wp:featuredmedia":[{"embeddable":true,"href":"https:\/\/radio-aviva.com\/perpignan\/wp-json\/wp\/v2\/media\/9557"}],"wp:attachment":[{"href":"https:\/\/radio-aviva.com\/perpignan\/wp-json\/wp\/v2\/media?parent=10725"}],"wp:term":[{"taxonomy":"post_tag","embeddable":true,"href":"https:\/\/radio-aviva.com\/perpignan\/wp-json\/wp\/v2\/tags?post=10725"},{"taxonomy":"podcastfilter","embeddable":true,"href":"https:\/\/radio-aviva.com\/perpignan\/wp-json\/wp\/v2\/podcastfilter?post=10725"}],"curies":[{"name":"wp","href":"https:\/\/api.w.org\/{rel}","templated":true}]}}

<p>Le Labopéra a mis en oeuvre en octobre dernier, un Grand Apéropéra » au <span class="notion-enable-hover" data-token-index="1">lycée Louise Michel</span> de Narbonne, événement qui a réuni les représentants des 9 établissements des 4 départements de la région participant à la mise en œuvre de l&rsquo;opéra coopératif <span class="notion-enable-hover" data-token-index="3">« Roméo &amp; Juliette » </span>(Aude, Gard, Hérault et Pyrénées-Orientales). Dans cette interview Karine Laleu nous présente l’avancé de ce projet, sa construction et les projets et prochains spectacles de 2024.</p>
