{"id":10734,"date":"2025-01-28T18:30:17","date_gmt":"2025-01-28T17:30:17","guid":{"rendered":"https:\/\/radio-aviva.com\/perpignan\/?post_type=podcast&#038;p=10734"},"modified":"2025-01-16T09:33:32","modified_gmt":"2025-01-16T08:33:32","slug":"les-atouts-de-la-station-des-angles-jerome-meunier-directeur-de-la-station","status":"publish","type":"podcast","link":"https:\/\/radio-aviva.com\/perpignan\/podcast\/les-atouts-de-la-station-des-angles-jerome-meunier-directeur-de-la-station\/","title":{"rendered":"Les atouts de la station des Angles &#8211; J\u00e9r\u00f4me MEUNIER, Directeur de la station"},"content":{"rendered":"<p>Connaissez vous la Station des Angles ? D\u00e9couverte sur Radio AVIVA<\/p>\n","protected":false},"author":1,"featured_media":10735,"template":"","tags":[],"podcastfilter":[164,143,323,180],"class_list":["post-10734","podcast","type-podcast","status-publish","has-post-thumbnail","hentry","podcastfilter-economie","podcastfilter-environnement","podcastfilter-leco-en-deux-mots-2","podcastfilter-pyrenees-orientales"],"_links":{"self":[{"href":"https:\/\/radio-aviva.com\/perpignan\/wp-json\/wp\/v2\/podcast\/10734","targetHints":{"allow":["GET"]}}],"collection":[{"href":"https:\/\/radio-aviva.com\/perpignan\/wp-json\/wp\/v2\/podcast"}],"about":[{"href":"https:\/\/radio-aviva.com\/perpignan\/wp-json\/wp\/v2\/types\/podcast"}],"author":[{"embeddable":true,"href":"https:\/\/radio-aviva.com\/perpignan\/wp-json\/wp\/v2\/users\/1"}],"version-history":[{"count":1,"href":"https:\/\/radio-aviva.com\/perpignan\/wp-json\/wp\/v2\/podcast\/10734\/revisions"}],"predecessor-version":[{"id":10736,"href":"https:\/\/radio-aviva.com\/perpignan\/wp-json\/wp\/v2\/podcast\/10734\/revisions\/10736"}],"wp:featuredmedia":[{"embeddable":true,"href":"https:\/\/radio-aviva.com\/perpignan\/wp-json\/wp\/v2\/media\/10735"}],"wp:attachment":[{"href":"https:\/\/radio-aviva.com\/perpignan\/wp-json\/wp\/v2\/media?parent=10734"}],"wp:term":[{"taxonomy":"post_tag","embeddable":true,"href":"https:\/\/radio-aviva.com\/perpignan\/wp-json\/wp\/v2\/tags?post=10734"},{"taxonomy":"podcastfilter","embeddable":true,"href":"https:\/\/radio-aviva.com\/perpignan\/wp-json\/wp\/v2\/podcastfilter?post=10734"}],"curies":[{"name":"wp","href":"https:\/\/api.w.org\/{rel}","templated":true}]}}

Les atouts de la station des Angles &#8211; Jérôme MEUNIER, Directeur de la station

<p>Connaissez vous la Station des Angles ? Découverte sur Radio AVIVA</p>
