{"id":10737,"date":"2025-01-16T15:27:59","date_gmt":"2025-01-16T14:27:59","guid":{"rendered":"https:\/\/radio-aviva.com\/perpignan\/?post_type=podcast&#038;p=10737"},"modified":"2025-01-16T15:27:59","modified_gmt":"2025-01-16T14:27:59","slug":"la-semaine-du-numerique-emmanuelle-conseillere-france-travail","status":"publish","type":"podcast","link":"https:\/\/radio-aviva.com\/perpignan\/podcast\/la-semaine-du-numerique-emmanuelle-conseillere-france-travail\/","title":{"rendered":"La semaine du num\u00e9rique &#8211; Emmanuelle, Conseill\u00e8re France Travail"},"content":{"rendered":"<p>Emmanuelle conseill\u00e8re \u00e0 France Travail nous pr\u00e9sente la semaine du num\u00e9rique<\/p>\n","protected":false},"author":1,"featured_media":9006,"template":"","tags":[],"podcastfilter":[308,317,109,186],"class_list":["post-10737","podcast","type-podcast","status-publish","has-post-thumbnail","hentry","podcastfilter-france-travail","podcastfilter-informatique","podcastfilter-perpignan","podcastfilter-pyrenees-orientales-2"],"_links":{"self":[{"href":"https:\/\/radio-aviva.com\/perpignan\/wp-json\/wp\/v2\/podcast\/10737","targetHints":{"allow":["GET"]}}],"collection":[{"href":"https:\/\/radio-aviva.com\/perpignan\/wp-json\/wp\/v2\/podcast"}],"about":[{"href":"https:\/\/radio-aviva.com\/perpignan\/wp-json\/wp\/v2\/types\/podcast"}],"author":[{"embeddable":true,"href":"https:\/\/radio-aviva.com\/perpignan\/wp-json\/wp\/v2\/users\/1"}],"version-history":[{"count":1,"href":"https:\/\/radio-aviva.com\/perpignan\/wp-json\/wp\/v2\/podcast\/10737\/revisions"}],"predecessor-version":[{"id":10738,"href":"https:\/\/radio-aviva.com\/perpignan\/wp-json\/wp\/v2\/podcast\/10737\/revisions\/10738"}],"wp:featuredmedia":[{"embeddable":true,"href":"https:\/\/radio-aviva.com\/perpignan\/wp-json\/wp\/v2\/media\/9006"}],"wp:attachment":[{"href":"https:\/\/radio-aviva.com\/perpignan\/wp-json\/wp\/v2\/media?parent=10737"}],"wp:term":[{"taxonomy":"post_tag","embeddable":true,"href":"https:\/\/radio-aviva.com\/perpignan\/wp-json\/wp\/v2\/tags?post=10737"},{"taxonomy":"podcastfilter","embeddable":true,"href":"https:\/\/radio-aviva.com\/perpignan\/wp-json\/wp\/v2\/podcastfilter?post=10737"}],"curies":[{"name":"wp","href":"https:\/\/api.w.org\/{rel}","templated":true}]}}

La semaine du numérique &#8211; Emmanuelle, Conseillère France Travail

<p>Emmanuelle conseillère à France Travail nous présente la semaine du numérique</p>
