{"id":10749,"date":"2025-01-20T13:45:30","date_gmt":"2025-01-20T12:45:30","guid":{"rendered":"https:\/\/radio-aviva.com\/perpignan\/?post_type=podcast&#038;p=10749"},"modified":"2025-01-17T15:52:51","modified_gmt":"2025-01-17T14:52:51","slug":"fete-de-la-truffe-noire-du-canigo-jean-pierre-quintana-president-des-trufficulteurs-catalan","status":"publish","type":"podcast","link":"https:\/\/radio-aviva.com\/perpignan\/podcast\/fete-de-la-truffe-noire-du-canigo-jean-pierre-quintana-president-des-trufficulteurs-catalan\/","title":{"rendered":"F\u00eate de la truffe noire du Canig\u00f3 &#8211; Jean Pierre QUINTANA, Pr\u00e9sident des trufficulteurs Catalan"},"content":{"rendered":"<p>F\u00eate r\u00e9gionale de la truffe noire du Canig\u00f3, \u00e0 Saint-Jean-Pla-De-Corts\u00a0! La truffe vous la cuisinez comment ? Le pr\u00e9sident du syndicat des trufficulteurs Catalans est notre invit\u00e9 !<\/p>\n","protected":false},"author":1,"featured_media":10750,"template":"","tags":[],"podcastfilter":[182,165,154],"class_list":["post-10749","podcast","type-podcast","status-publish","has-post-thumbnail","hentry","podcastfilter-chambre-dagriculture","podcastfilter-culture-compagnie","podcastfilter-gastronomie"],"_links":{"self":[{"href":"https:\/\/radio-aviva.com\/perpignan\/wp-json\/wp\/v2\/podcast\/10749","targetHints":{"allow":["GET"]}}],"collection":[{"href":"https:\/\/radio-aviva.com\/perpignan\/wp-json\/wp\/v2\/podcast"}],"about":[{"href":"https:\/\/radio-aviva.com\/perpignan\/wp-json\/wp\/v2\/types\/podcast"}],"author":[{"embeddable":true,"href":"https:\/\/radio-aviva.com\/perpignan\/wp-json\/wp\/v2\/users\/1"}],"version-history":[{"count":1,"href":"https:\/\/radio-aviva.com\/perpignan\/wp-json\/wp\/v2\/podcast\/10749\/revisions"}],"predecessor-version":[{"id":10751,"href":"https:\/\/radio-aviva.com\/perpignan\/wp-json\/wp\/v2\/podcast\/10749\/revisions\/10751"}],"wp:featuredmedia":[{"embeddable":true,"href":"https:\/\/radio-aviva.com\/perpignan\/wp-json\/wp\/v2\/media\/10750"}],"wp:attachment":[{"href":"https:\/\/radio-aviva.com\/perpignan\/wp-json\/wp\/v2\/media?parent=10749"}],"wp:term":[{"taxonomy":"post_tag","embeddable":true,"href":"https:\/\/radio-aviva.com\/perpignan\/wp-json\/wp\/v2\/tags?post=10749"},{"taxonomy":"podcastfilter","embeddable":true,"href":"https:\/\/radio-aviva.com\/perpignan\/wp-json\/wp\/v2\/podcastfilter?post=10749"}],"curies":[{"name":"wp","href":"https:\/\/api.w.org\/{rel}","templated":true}]}}

Fête de la truffe noire du Canigó &#8211; Jean Pierre QUINTANA, Président des trufficulteurs Catalan

<p>Fête régionale de la truffe noire du Canigó, à Saint-Jean-Pla-De-Corts ! La truffe vous la cuisinez comment ? Le président du syndicat des trufficulteurs Catalans est notre invité !</p>
