{"id":10768,"date":"2025-02-04T15:40:12","date_gmt":"2025-02-04T14:40:12","guid":{"rendered":"https:\/\/radio-aviva.com\/perpignan\/?post_type=podcast&#038;p=10768"},"modified":"2025-02-03T16:23:50","modified_gmt":"2025-02-03T15:23:50","slug":"je-prepare-la-saison-2025-veronique-deroubaix-directrice-generale-de-la-mission-locale","status":"publish","type":"podcast","link":"https:\/\/radio-aviva.com\/perpignan\/podcast\/je-prepare-la-saison-2025-veronique-deroubaix-directrice-generale-de-la-mission-locale\/","title":{"rendered":"Je pr\u00e9pare la saison 2025 &#8211; V\u00e9ronique DEROUBAIX, Directrice g\u00e9n\u00e9rale de la mission locale"},"content":{"rendered":"<p>Si vous recherchez un emploi pour la saison 2025, \u00e9coutez Radio AVIVA<\/p>\n","protected":false},"author":1,"featured_media":10769,"template":"","tags":[],"podcastfilter":[181,299,301,135],"class_list":["post-10768","podcast","type-podcast","status-publish","has-post-thumbnail","hentry","podcastfilter-emploi","podcastfilter-emploi-formations","podcastfilter-forum","podcastfilter-linvite-de-la-redaction"],"_links":{"self":[{"href":"https:\/\/radio-aviva.com\/perpignan\/wp-json\/wp\/v2\/podcast\/10768","targetHints":{"allow":["GET"]}}],"collection":[{"href":"https:\/\/radio-aviva.com\/perpignan\/wp-json\/wp\/v2\/podcast"}],"about":[{"href":"https:\/\/radio-aviva.com\/perpignan\/wp-json\/wp\/v2\/types\/podcast"}],"author":[{"embeddable":true,"href":"https:\/\/radio-aviva.com\/perpignan\/wp-json\/wp\/v2\/users\/1"}],"version-history":[{"count":1,"href":"https:\/\/radio-aviva.com\/perpignan\/wp-json\/wp\/v2\/podcast\/10768\/revisions"}],"predecessor-version":[{"id":10770,"href":"https:\/\/radio-aviva.com\/perpignan\/wp-json\/wp\/v2\/podcast\/10768\/revisions\/10770"}],"wp:featuredmedia":[{"embeddable":true,"href":"https:\/\/radio-aviva.com\/perpignan\/wp-json\/wp\/v2\/media\/10769"}],"wp:attachment":[{"href":"https:\/\/radio-aviva.com\/perpignan\/wp-json\/wp\/v2\/media?parent=10768"}],"wp:term":[{"taxonomy":"post_tag","embeddable":true,"href":"https:\/\/radio-aviva.com\/perpignan\/wp-json\/wp\/v2\/tags?post=10768"},{"taxonomy":"podcastfilter","embeddable":true,"href":"https:\/\/radio-aviva.com\/perpignan\/wp-json\/wp\/v2\/podcastfilter?post=10768"}],"curies":[{"name":"wp","href":"https:\/\/api.w.org\/{rel}","templated":true}]}}

Je prépare la saison 2025 &#8211; Véronique DEROUBAIX, Directrice générale de la mission locale

<p>Si vous recherchez un emploi pour la saison 2025, écoutez Radio AVIVA</p>
