{"id":10789,"date":"2025-02-10T18:30:04","date_gmt":"2025-02-10T17:30:04","guid":{"rendered":"https:\/\/radio-aviva.com\/perpignan\/?post_type=podcast&#038;p=10789"},"modified":"2025-02-10T10:33:26","modified_gmt":"2025-02-10T09:33:26","slug":"la-cci66-laurent-gauze-president","status":"publish","type":"podcast","link":"https:\/\/radio-aviva.com\/perpignan\/podcast\/la-cci66-laurent-gauze-president\/","title":{"rendered":"La CCI66 &#8211; Laurent GAUZE, Pr\u00e9sident"},"content":{"rendered":"<p>Quel est le r\u00f4le et les actions de la CCI Pyr\u00e9n\u00e9es Orientales ? Radio AVIVA re\u00e7oit son pr\u00e9sident Monsieur Laurent Gauze au micro de Jean Dustou.<\/p>\n","protected":false},"author":1,"featured_media":10790,"template":"","tags":[],"podcastfilter":[164,286,322,323,109],"class_list":["post-10789","podcast","type-podcast","status-publish","has-post-thumbnail","hentry","podcastfilter-economie","podcastfilter-institution","podcastfilter-leco-en-deux-mots","podcastfilter-leco-en-deux-mots-2","podcastfilter-perpignan"],"_links":{"self":[{"href":"https:\/\/radio-aviva.com\/perpignan\/wp-json\/wp\/v2\/podcast\/10789","targetHints":{"allow":["GET"]}}],"collection":[{"href":"https:\/\/radio-aviva.com\/perpignan\/wp-json\/wp\/v2\/podcast"}],"about":[{"href":"https:\/\/radio-aviva.com\/perpignan\/wp-json\/wp\/v2\/types\/podcast"}],"author":[{"embeddable":true,"href":"https:\/\/radio-aviva.com\/perpignan\/wp-json\/wp\/v2\/users\/1"}],"version-history":[{"count":1,"href":"https:\/\/radio-aviva.com\/perpignan\/wp-json\/wp\/v2\/podcast\/10789\/revisions"}],"predecessor-version":[{"id":10791,"href":"https:\/\/radio-aviva.com\/perpignan\/wp-json\/wp\/v2\/podcast\/10789\/revisions\/10791"}],"wp:featuredmedia":[{"embeddable":true,"href":"https:\/\/radio-aviva.com\/perpignan\/wp-json\/wp\/v2\/media\/10790"}],"wp:attachment":[{"href":"https:\/\/radio-aviva.com\/perpignan\/wp-json\/wp\/v2\/media?parent=10789"}],"wp:term":[{"taxonomy":"post_tag","embeddable":true,"href":"https:\/\/radio-aviva.com\/perpignan\/wp-json\/wp\/v2\/tags?post=10789"},{"taxonomy":"podcastfilter","embeddable":true,"href":"https:\/\/radio-aviva.com\/perpignan\/wp-json\/wp\/v2\/podcastfilter?post=10789"}],"curies":[{"name":"wp","href":"https:\/\/api.w.org\/{rel}","templated":true}]}}

La CCI66 &#8211; Laurent GAUZE, Président

<p>Quel est le rôle et les actions de la CCI Pyrénées Orientales ? Radio AVIVA reçoit son président Monsieur Laurent Gauze au micro de Jean Dustou.</p>
