{"id":10806,"date":"2025-02-12T15:00:54","date_gmt":"2025-02-12T14:00:54","guid":{"rendered":"https:\/\/radio-aviva.com\/perpignan\/?post_type=podcast&#038;p=10806"},"modified":"2025-02-11T13:51:49","modified_gmt":"2025-02-11T12:51:49","slug":"cantine-solidaire-du-nautilus-marie-naudin-coordinatrice-cecile-decaux-gestion","status":"publish","type":"podcast","link":"https:\/\/radio-aviva.com\/perpignan\/podcast\/cantine-solidaire-du-nautilus-marie-naudin-coordinatrice-cecile-decaux-gestion\/","title":{"rendered":"Cantine solidaire du Nautilus &#8211; Marie NAUDIN, Coordinatrice, C\u00e9cile DECAUX, Gestion"},"content":{"rendered":"<p>Pourquoi nous lan\u00e7ons ce pari un peu fou : ouvrir une cantine solidaire et un caf\u00e9 associatif au printemps 2025 ? Le Nautilus r\u00e9pond sur Radio AVIVA<\/p>\n","protected":false},"author":1,"featured_media":10807,"template":"","tags":[],"podcastfilter":[175,135,152,109,259,223,149],"class_list":["post-10806","podcast","type-podcast","status-publish","has-post-thumbnail","hentry","podcastfilter-invite-de-la-redaction","podcastfilter-linvite-de-la-redaction","podcastfilter-lien-social","podcastfilter-perpignan","podcastfilter-social","podcastfilter-solidaire","podcastfilter-solidarite"],"_links":{"self":[{"href":"https:\/\/radio-aviva.com\/perpignan\/wp-json\/wp\/v2\/podcast\/10806","targetHints":{"allow":["GET"]}}],"collection":[{"href":"https:\/\/radio-aviva.com\/perpignan\/wp-json\/wp\/v2\/podcast"}],"about":[{"href":"https:\/\/radio-aviva.com\/perpignan\/wp-json\/wp\/v2\/types\/podcast"}],"author":[{"embeddable":true,"href":"https:\/\/radio-aviva.com\/perpignan\/wp-json\/wp\/v2\/users\/1"}],"version-history":[{"count":1,"href":"https:\/\/radio-aviva.com\/perpignan\/wp-json\/wp\/v2\/podcast\/10806\/revisions"}],"predecessor-version":[{"id":10808,"href":"https:\/\/radio-aviva.com\/perpignan\/wp-json\/wp\/v2\/podcast\/10806\/revisions\/10808"}],"wp:featuredmedia":[{"embeddable":true,"href":"https:\/\/radio-aviva.com\/perpignan\/wp-json\/wp\/v2\/media\/10807"}],"wp:attachment":[{"href":"https:\/\/radio-aviva.com\/perpignan\/wp-json\/wp\/v2\/media?parent=10806"}],"wp:term":[{"taxonomy":"post_tag","embeddable":true,"href":"https:\/\/radio-aviva.com\/perpignan\/wp-json\/wp\/v2\/tags?post=10806"},{"taxonomy":"podcastfilter","embeddable":true,"href":"https:\/\/radio-aviva.com\/perpignan\/wp-json\/wp\/v2\/podcastfilter?post=10806"}],"curies":[{"name":"wp","href":"https:\/\/api.w.org\/{rel}","templated":true}]}}

Cantine solidaire du Nautilus &#8211; Marie NAUDIN, Coordinatrice, Cécile DECAUX, Gestion

<p>Pourquoi nous lançons ce pari un peu fou : ouvrir une cantine solidaire et un café associatif au printemps 2025 ? Le Nautilus répond sur Radio AVIVA</p>
