{"id":10809,"date":"2025-02-14T15:00:47","date_gmt":"2025-02-14T14:00:47","guid":{"rendered":"https:\/\/radio-aviva.com\/perpignan\/?post_type=podcast&#038;p=10809"},"modified":"2025-02-13T10:46:53","modified_gmt":"2025-02-13T09:46:53","slug":"salam-shalom-salut-clara-diamant-berger-vice-presidente-du-comite-local-de-sos-racisme","status":"publish","type":"podcast","link":"https:\/\/radio-aviva.com\/perpignan\/podcast\/salam-shalom-salut-clara-diamant-berger-vice-presidente-du-comite-local-de-sos-racisme\/","title":{"rendered":"Salam Shalom Salut &#8211; Clara DIAMANT BERGER, Vice Pr\u00e9sidente du comit\u00e9 local de SOS Racisme"},"content":{"rendered":"<p>Promouvoir les valeurs du vivre ensemble, de la solidarit\u00e9, de l&rsquo;\u00e9galit\u00e9. C\u2019est le Projet \u00ab\u00a0Salam Shalom Salut\u201d avec SOS Racismes en partenariat avec JALONS pour la paix , l\u2019agence national de la coh\u00e9sion des territoires, la Fondation pour la M\u00e9moire de la Shoah et la Dilcrah.<\/p>\n","protected":false},"author":1,"featured_media":10810,"template":"","tags":[],"podcastfilter":[234,273,175,135,152,137,138],"class_list":["post-10809","podcast","type-podcast","status-publish","has-post-thumbnail","hentry","podcastfilter-interculturel","podcastfilter-interreligieux","podcastfilter-invite-de-la-redaction","podcastfilter-linvite-de-la-redaction","podcastfilter-lien-social","podcastfilter-lutte-contre-les-discrimination","podcastfilter-lutte-contre-les-discriminations"],"_links":{"self":[{"href":"https:\/\/radio-aviva.com\/perpignan\/wp-json\/wp\/v2\/podcast\/10809","targetHints":{"allow":["GET"]}}],"collection":[{"href":"https:\/\/radio-aviva.com\/perpignan\/wp-json\/wp\/v2\/podcast"}],"about":[{"href":"https:\/\/radio-aviva.com\/perpignan\/wp-json\/wp\/v2\/types\/podcast"}],"author":[{"embeddable":true,"href":"https:\/\/radio-aviva.com\/perpignan\/wp-json\/wp\/v2\/users\/1"}],"version-history":[{"count":1,"href":"https:\/\/radio-aviva.com\/perpignan\/wp-json\/wp\/v2\/podcast\/10809\/revisions"}],"predecessor-version":[{"id":10811,"href":"https:\/\/radio-aviva.com\/perpignan\/wp-json\/wp\/v2\/podcast\/10809\/revisions\/10811"}],"wp:featuredmedia":[{"embeddable":true,"href":"https:\/\/radio-aviva.com\/perpignan\/wp-json\/wp\/v2\/media\/10810"}],"wp:attachment":[{"href":"https:\/\/radio-aviva.com\/perpignan\/wp-json\/wp\/v2\/media?parent=10809"}],"wp:term":[{"taxonomy":"post_tag","embeddable":true,"href":"https:\/\/radio-aviva.com\/perpignan\/wp-json\/wp\/v2\/tags?post=10809"},{"taxonomy":"podcastfilter","embeddable":true,"href":"https:\/\/radio-aviva.com\/perpignan\/wp-json\/wp\/v2\/podcastfilter?post=10809"}],"curies":[{"name":"wp","href":"https:\/\/api.w.org\/{rel}","templated":true}]}}

Salam Shalom Salut &#8211; Clara DIAMANT BERGER, Vice Présidente du comité local de SOS Racisme

<p>Promouvoir les valeurs du vivre ensemble, de la solidarité, de l&rsquo;égalité. C’est le Projet « Salam Shalom Salut” avec SOS Racismes en partenariat avec JALONS pour la paix , l’agence national de la cohésion des territoires, la Fondation pour la Mémoire de la Shoah et la Dilcrah.</p>
