{"id":10819,"date":"2025-02-24T12:00:46","date_gmt":"2025-02-24T11:00:46","guid":{"rendered":"https:\/\/radio-aviva.com\/perpignan\/?post_type=podcast&#038;p=10819"},"modified":"2025-02-21T11:02:11","modified_gmt":"2025-02-21T10:02:11","slug":"france-travail-le-taf-gaetan-valerie","status":"publish","type":"podcast","link":"https:\/\/radio-aviva.com\/perpignan\/podcast\/france-travail-le-taf-gaetan-valerie\/","title":{"rendered":"France Travail &#8211; LE TAF &#8211; Ga\u00ebtan, Val\u00e9rie"},"content":{"rendered":"<p>Val\u00e9rie et Ga\u00ebtan vous pr\u00e9sente le TAF : le salon travail avenir formation.<\/p>\n<p>Ce salon se passera le Jeudi 13 Mars 2025 au Palais des Expositions de Perpignan.<\/p>\n","protected":false},"author":1,"featured_media":9006,"template":"","tags":[],"podcastfilter":[181,299,269,308,109,302],"class_list":["post-10819","podcast","type-podcast","status-publish","has-post-thumbnail","hentry","podcastfilter-emploi","podcastfilter-emploi-formations","podcastfilter-formation","podcastfilter-france-travail","podcastfilter-perpignan","podcastfilter-quelques-minutes-pour-lemploi"],"_links":{"self":[{"href":"https:\/\/radio-aviva.com\/perpignan\/wp-json\/wp\/v2\/podcast\/10819","targetHints":{"allow":["GET"]}}],"collection":[{"href":"https:\/\/radio-aviva.com\/perpignan\/wp-json\/wp\/v2\/podcast"}],"about":[{"href":"https:\/\/radio-aviva.com\/perpignan\/wp-json\/wp\/v2\/types\/podcast"}],"author":[{"embeddable":true,"href":"https:\/\/radio-aviva.com\/perpignan\/wp-json\/wp\/v2\/users\/1"}],"version-history":[{"count":1,"href":"https:\/\/radio-aviva.com\/perpignan\/wp-json\/wp\/v2\/podcast\/10819\/revisions"}],"predecessor-version":[{"id":10820,"href":"https:\/\/radio-aviva.com\/perpignan\/wp-json\/wp\/v2\/podcast\/10819\/revisions\/10820"}],"wp:featuredmedia":[{"embeddable":true,"href":"https:\/\/radio-aviva.com\/perpignan\/wp-json\/wp\/v2\/media\/9006"}],"wp:attachment":[{"href":"https:\/\/radio-aviva.com\/perpignan\/wp-json\/wp\/v2\/media?parent=10819"}],"wp:term":[{"taxonomy":"post_tag","embeddable":true,"href":"https:\/\/radio-aviva.com\/perpignan\/wp-json\/wp\/v2\/tags?post=10819"},{"taxonomy":"podcastfilter","embeddable":true,"href":"https:\/\/radio-aviva.com\/perpignan\/wp-json\/wp\/v2\/podcastfilter?post=10819"}],"curies":[{"name":"wp","href":"https:\/\/api.w.org\/{rel}","templated":true}]}}

France Travail &#8211; LE TAF &#8211; Gaëtan, Valérie

<p>Valérie et Gaëtan vous présente le TAF : le salon travail avenir formation.</p>
<p>Ce salon se passera le Jeudi 13 Mars 2025 au Palais des Expositions de Perpignan.</p>
