{"id":10834,"date":"2025-02-28T13:45:14","date_gmt":"2025-02-28T12:45:14","guid":{"rendered":"https:\/\/radio-aviva.com\/perpignan\/?post_type=podcast&#038;p=10834"},"modified":"2025-02-27T11:38:34","modified_gmt":"2025-02-27T10:38:34","slug":"conference-sur-les-pyramides-guy-bessieres-president-association","status":"publish","type":"podcast","link":"https:\/\/radio-aviva.com\/perpignan\/podcast\/conference-sur-les-pyramides-guy-bessieres-president-association\/","title":{"rendered":"Conf\u00e9rence sur les Pyramides &#8211; Guy BESSIERES, Pr\u00e9sident Association"},"content":{"rendered":"<p>Si vous aimez les momies et les pyramides rendez vous le 8 Mars \u00e0 17h \u00e0 la Salle M\u00e9diterran\u00e9e de Saint Est\u00e8ve pour une conf\u00e9rence pr\u00e9sent\u00e9e par l\u2019association les Amis de l\u2019Egypte Ancienne.<\/p>\n","protected":false},"author":1,"featured_media":10835,"template":"","tags":[],"podcastfilter":[219,208,144,175,135],"class_list":["post-10834","podcast","type-podcast","status-publish","has-post-thumbnail","hentry","podcastfilter-apprentissage","podcastfilter-conference","podcastfilter-histoire","podcastfilter-invite-de-la-redaction","podcastfilter-linvite-de-la-redaction"],"_links":{"self":[{"href":"https:\/\/radio-aviva.com\/perpignan\/wp-json\/wp\/v2\/podcast\/10834","targetHints":{"allow":["GET"]}}],"collection":[{"href":"https:\/\/radio-aviva.com\/perpignan\/wp-json\/wp\/v2\/podcast"}],"about":[{"href":"https:\/\/radio-aviva.com\/perpignan\/wp-json\/wp\/v2\/types\/podcast"}],"author":[{"embeddable":true,"href":"https:\/\/radio-aviva.com\/perpignan\/wp-json\/wp\/v2\/users\/1"}],"version-history":[{"count":1,"href":"https:\/\/radio-aviva.com\/perpignan\/wp-json\/wp\/v2\/podcast\/10834\/revisions"}],"predecessor-version":[{"id":10836,"href":"https:\/\/radio-aviva.com\/perpignan\/wp-json\/wp\/v2\/podcast\/10834\/revisions\/10836"}],"wp:featuredmedia":[{"embeddable":true,"href":"https:\/\/radio-aviva.com\/perpignan\/wp-json\/wp\/v2\/media\/10835"}],"wp:attachment":[{"href":"https:\/\/radio-aviva.com\/perpignan\/wp-json\/wp\/v2\/media?parent=10834"}],"wp:term":[{"taxonomy":"post_tag","embeddable":true,"href":"https:\/\/radio-aviva.com\/perpignan\/wp-json\/wp\/v2\/tags?post=10834"},{"taxonomy":"podcastfilter","embeddable":true,"href":"https:\/\/radio-aviva.com\/perpignan\/wp-json\/wp\/v2\/podcastfilter?post=10834"}],"curies":[{"name":"wp","href":"https:\/\/api.w.org\/{rel}","templated":true}]}}

Conférence sur les Pyramides &#8211; Guy BESSIERES, Président Association

<p>Si vous aimez les momies et les pyramides rendez vous le 8 Mars à 17h à la Salle Méditerranée de Saint Estève pour une conférence présentée par l’association les Amis de l’Egypte Ancienne.</p>
