{"id":10841,"date":"2025-03-01T08:00:04","date_gmt":"2025-03-01T07:00:04","guid":{"rendered":"https:\/\/radio-aviva.com\/perpignan\/?post_type=podcast&#038;p=10841"},"modified":"2025-02-27T14:40:51","modified_gmt":"2025-02-27T13:40:51","slug":"jeu-devasion-du-souvenir-francais-gilles-glin-delegue-departemental","status":"publish","type":"podcast","link":"https:\/\/radio-aviva.com\/perpignan\/podcast\/jeu-devasion-du-souvenir-francais-gilles-glin-delegue-departemental\/","title":{"rendered":"Jeu d&rsquo;\u00e9vasion du Souvenir Fran\u00e7ais &#8211; Gilles GLIN, D\u00e9l\u00e9gu\u00e9 d\u00e9partemental"},"content":{"rendered":"<p>Apprendre en s\u2019amusant ? C\u2019est possible avec les Jeux d\u2019\u00e9vasions organis\u00e9s par l\u2019association Le Souvenir Fran\u00e7ais et on en parle sur Radio Aviva !<\/p>\n","protected":false},"author":1,"featured_media":10842,"template":"","tags":[],"podcastfilter":[219,315,144,175,135],"class_list":["post-10841","podcast","type-podcast","status-publish","has-post-thumbnail","hentry","podcastfilter-apprentissage","podcastfilter-ecole","podcastfilter-histoire","podcastfilter-invite-de-la-redaction","podcastfilter-linvite-de-la-redaction"],"_links":{"self":[{"href":"https:\/\/radio-aviva.com\/perpignan\/wp-json\/wp\/v2\/podcast\/10841","targetHints":{"allow":["GET"]}}],"collection":[{"href":"https:\/\/radio-aviva.com\/perpignan\/wp-json\/wp\/v2\/podcast"}],"about":[{"href":"https:\/\/radio-aviva.com\/perpignan\/wp-json\/wp\/v2\/types\/podcast"}],"author":[{"embeddable":true,"href":"https:\/\/radio-aviva.com\/perpignan\/wp-json\/wp\/v2\/users\/1"}],"version-history":[{"count":1,"href":"https:\/\/radio-aviva.com\/perpignan\/wp-json\/wp\/v2\/podcast\/10841\/revisions"}],"predecessor-version":[{"id":10843,"href":"https:\/\/radio-aviva.com\/perpignan\/wp-json\/wp\/v2\/podcast\/10841\/revisions\/10843"}],"wp:featuredmedia":[{"embeddable":true,"href":"https:\/\/radio-aviva.com\/perpignan\/wp-json\/wp\/v2\/media\/10842"}],"wp:attachment":[{"href":"https:\/\/radio-aviva.com\/perpignan\/wp-json\/wp\/v2\/media?parent=10841"}],"wp:term":[{"taxonomy":"post_tag","embeddable":true,"href":"https:\/\/radio-aviva.com\/perpignan\/wp-json\/wp\/v2\/tags?post=10841"},{"taxonomy":"podcastfilter","embeddable":true,"href":"https:\/\/radio-aviva.com\/perpignan\/wp-json\/wp\/v2\/podcastfilter?post=10841"}],"curies":[{"name":"wp","href":"https:\/\/api.w.org\/{rel}","templated":true}]}}

Jeu d&rsquo;évasion du Souvenir Français &#8211; Gilles GLIN, Délégué départemental

<p>Apprendre en s’amusant ? C’est possible avec les Jeux d’évasions organisés par l’association Le Souvenir Français et on en parle sur Radio Aviva !</p>
