{"id":10847,"date":"2025-03-06T12:00:52","date_gmt":"2025-03-06T11:00:52","guid":{"rendered":"https:\/\/radio-aviva.com\/perpignan\/?post_type=podcast&#038;p=10847"},"modified":"2025-03-03T10:38:10","modified_gmt":"2025-03-03T09:38:10","slug":"france-travail-le-job-dating-trouve-ta-saison-julia-gaetan","status":"publish","type":"podcast","link":"https:\/\/radio-aviva.com\/perpignan\/podcast\/france-travail-le-job-dating-trouve-ta-saison-julia-gaetan\/","title":{"rendered":"France Travail &#8211; Le job dating Trouve ta saison &#8211; Julia, Ga\u00ebtan"},"content":{"rendered":"<p>Julia et Ga\u00ebtan vous parle du job dating Trouve ta saison qui aura lieu en matin\u00e9e le Jeudi 27 Mars \u00e0 Argel\u00e8s Sur Mer.<\/p>\n","protected":false},"author":1,"featured_media":9006,"template":"","tags":[],"podcastfilter":[181,299,255,308,180,186,302],"class_list":["post-10847","podcast","type-podcast","status-publish","has-post-thumbnail","hentry","podcastfilter-emploi","podcastfilter-emploi-formations","podcastfilter-evenement","podcastfilter-france-travail","podcastfilter-pyrenees-orientales","podcastfilter-pyrenees-orientales-2","podcastfilter-quelques-minutes-pour-lemploi"],"_links":{"self":[{"href":"https:\/\/radio-aviva.com\/perpignan\/wp-json\/wp\/v2\/podcast\/10847","targetHints":{"allow":["GET"]}}],"collection":[{"href":"https:\/\/radio-aviva.com\/perpignan\/wp-json\/wp\/v2\/podcast"}],"about":[{"href":"https:\/\/radio-aviva.com\/perpignan\/wp-json\/wp\/v2\/types\/podcast"}],"author":[{"embeddable":true,"href":"https:\/\/radio-aviva.com\/perpignan\/wp-json\/wp\/v2\/users\/1"}],"version-history":[{"count":1,"href":"https:\/\/radio-aviva.com\/perpignan\/wp-json\/wp\/v2\/podcast\/10847\/revisions"}],"predecessor-version":[{"id":10848,"href":"https:\/\/radio-aviva.com\/perpignan\/wp-json\/wp\/v2\/podcast\/10847\/revisions\/10848"}],"wp:featuredmedia":[{"embeddable":true,"href":"https:\/\/radio-aviva.com\/perpignan\/wp-json\/wp\/v2\/media\/9006"}],"wp:attachment":[{"href":"https:\/\/radio-aviva.com\/perpignan\/wp-json\/wp\/v2\/media?parent=10847"}],"wp:term":[{"taxonomy":"post_tag","embeddable":true,"href":"https:\/\/radio-aviva.com\/perpignan\/wp-json\/wp\/v2\/tags?post=10847"},{"taxonomy":"podcastfilter","embeddable":true,"href":"https:\/\/radio-aviva.com\/perpignan\/wp-json\/wp\/v2\/podcastfilter?post=10847"}],"curies":[{"name":"wp","href":"https:\/\/api.w.org\/{rel}","templated":true}]}}

France Travail &#8211; Le job dating Trouve ta saison &#8211; Julia, Gaëtan

<p>Julia et Gaëtan vous parle du job dating Trouve ta saison qui aura lieu en matinée le Jeudi 27 Mars à Argelès Sur Mer.</p>
