{"id":10852,"date":"2025-03-04T13:45:38","date_gmt":"2025-03-04T12:45:38","guid":{"rendered":"https:\/\/radio-aviva.com\/perpignan\/?post_type=podcast&#038;p=10852"},"modified":"2025-03-03T13:11:08","modified_gmt":"2025-03-03T12:11:08","slug":"jema-sylvain-sartre-directeur-artistique-des-muses-en-dialogues","status":"publish","type":"podcast","link":"https:\/\/radio-aviva.com\/perpignan\/podcast\/jema-sylvain-sartre-directeur-artistique-des-muses-en-dialogues\/","title":{"rendered":"JEMA &#8211; Sylvain SARTRE, Directeur artistique des Muses en dialogues"},"content":{"rendered":"<p>Du 19 au 23 mars 2025, les Journ\u00e9es Europ\u00e9ennes de Musique Ancienne (JEMA) c\u00e9l\u00e8brent le printemps en Occitanie. Dix concerts et exp\u00e9riences musicales proposent \u00e0 tous les publics, de d\u00e9couvrir les musiques anciennes \u00ab\u00a0hors les murs\u00a0\u00bb (mus\u00e9e, m\u00e9diath\u00e8que, atelier, conservatoire\u2026) dans les villes de Montpellier, Lignan-sur-Orb et Perpignan.<\/p>\n","protected":false},"author":1,"featured_media":10853,"template":"","tags":[],"podcastfilter":[209,272,165,127,144,88],"class_list":["post-10852","podcast","type-podcast","status-publish","has-post-thumbnail","hentry","podcastfilter-concert","podcastfilter-culture","podcastfilter-culture-compagnie","podcastfilter-culture-et-compagnie","podcastfilter-histoire","podcastfilter-musique"],"_links":{"self":[{"href":"https:\/\/radio-aviva.com\/perpignan\/wp-json\/wp\/v2\/podcast\/10852","targetHints":{"allow":["GET"]}}],"collection":[{"href":"https:\/\/radio-aviva.com\/perpignan\/wp-json\/wp\/v2\/podcast"}],"about":[{"href":"https:\/\/radio-aviva.com\/perpignan\/wp-json\/wp\/v2\/types\/podcast"}],"author":[{"embeddable":true,"href":"https:\/\/radio-aviva.com\/perpignan\/wp-json\/wp\/v2\/users\/1"}],"version-history":[{"count":1,"href":"https:\/\/radio-aviva.com\/perpignan\/wp-json\/wp\/v2\/podcast\/10852\/revisions"}],"predecessor-version":[{"id":10854,"href":"https:\/\/radio-aviva.com\/perpignan\/wp-json\/wp\/v2\/podcast\/10852\/revisions\/10854"}],"wp:featuredmedia":[{"embeddable":true,"href":"https:\/\/radio-aviva.com\/perpignan\/wp-json\/wp\/v2\/media\/10853"}],"wp:attachment":[{"href":"https:\/\/radio-aviva.com\/perpignan\/wp-json\/wp\/v2\/media?parent=10852"}],"wp:term":[{"taxonomy":"post_tag","embeddable":true,"href":"https:\/\/radio-aviva.com\/perpignan\/wp-json\/wp\/v2\/tags?post=10852"},{"taxonomy":"podcastfilter","embeddable":true,"href":"https:\/\/radio-aviva.com\/perpignan\/wp-json\/wp\/v2\/podcastfilter?post=10852"}],"curies":[{"name":"wp","href":"https:\/\/api.w.org\/{rel}","templated":true}]}}

<p>Du 19 au 23 mars 2025, les Journées Européennes de Musique Ancienne (JEMA) célèbrent le printemps en Occitanie. Dix concerts et expériences musicales proposent à tous les publics, de découvrir les musiques anciennes « hors les murs » (musée, médiathèque, atelier, conservatoire…) dans les villes de Montpellier, Lignan-sur-Orb et Perpignan.</p>
