{"id":10897,"date":"2025-03-10T12:00:48","date_gmt":"2025-03-10T11:00:48","guid":{"rendered":"https:\/\/radio-aviva.com\/perpignan\/?post_type=podcast&#038;p=10897"},"modified":"2025-03-07T10:46:17","modified_gmt":"2025-03-07T09:46:17","slug":"france-travail-semaine-des-metiers-du-tourisme-julia-gaetan","status":"publish","type":"podcast","link":"https:\/\/radio-aviva.com\/perpignan\/podcast\/france-travail-semaine-des-metiers-du-tourisme-julia-gaetan\/","title":{"rendered":"France Travail &#8211; Semaine des m\u00e9tiers du Tourisme &#8211; Julia, Ga\u00ebtan"},"content":{"rendered":"<p>Julia et Ga\u00ebtan vous parle de la semaine des M\u00e9tiers du Tourisme qui aura lieu du 17 au 23 Mars.<\/p>\n","protected":false},"author":1,"featured_media":9006,"template":"","tags":[],"podcastfilter":[181,299,308,180,186,302],"class_list":["post-10897","podcast","type-podcast","status-publish","has-post-thumbnail","hentry","podcastfilter-emploi","podcastfilter-emploi-formations","podcastfilter-france-travail","podcastfilter-pyrenees-orientales","podcastfilter-pyrenees-orientales-2","podcastfilter-quelques-minutes-pour-lemploi"],"_links":{"self":[{"href":"https:\/\/radio-aviva.com\/perpignan\/wp-json\/wp\/v2\/podcast\/10897","targetHints":{"allow":["GET"]}}],"collection":[{"href":"https:\/\/radio-aviva.com\/perpignan\/wp-json\/wp\/v2\/podcast"}],"about":[{"href":"https:\/\/radio-aviva.com\/perpignan\/wp-json\/wp\/v2\/types\/podcast"}],"author":[{"embeddable":true,"href":"https:\/\/radio-aviva.com\/perpignan\/wp-json\/wp\/v2\/users\/1"}],"version-history":[{"count":1,"href":"https:\/\/radio-aviva.com\/perpignan\/wp-json\/wp\/v2\/podcast\/10897\/revisions"}],"predecessor-version":[{"id":10898,"href":"https:\/\/radio-aviva.com\/perpignan\/wp-json\/wp\/v2\/podcast\/10897\/revisions\/10898"}],"wp:featuredmedia":[{"embeddable":true,"href":"https:\/\/radio-aviva.com\/perpignan\/wp-json\/wp\/v2\/media\/9006"}],"wp:attachment":[{"href":"https:\/\/radio-aviva.com\/perpignan\/wp-json\/wp\/v2\/media?parent=10897"}],"wp:term":[{"taxonomy":"post_tag","embeddable":true,"href":"https:\/\/radio-aviva.com\/perpignan\/wp-json\/wp\/v2\/tags?post=10897"},{"taxonomy":"podcastfilter","embeddable":true,"href":"https:\/\/radio-aviva.com\/perpignan\/wp-json\/wp\/v2\/podcastfilter?post=10897"}],"curies":[{"name":"wp","href":"https:\/\/api.w.org\/{rel}","templated":true}]}}

France Travail &#8211; Semaine des métiers du Tourisme &#8211; Julia, Gaëtan

<p>Julia et Gaëtan vous parle de la semaine des Métiers du Tourisme qui aura lieu du 17 au 23 Mars.</p>
