{"id":10899,"date":"2025-03-10T13:45:53","date_gmt":"2025-03-10T12:45:53","guid":{"rendered":"https:\/\/radio-aviva.com\/perpignan\/?post_type=podcast&#038;p=10899"},"modified":"2025-03-07T14:34:28","modified_gmt":"2025-03-07T13:34:28","slug":"10-ans-du-memorial-de-rivesaltes-nicolas-serpette-responsable-communication","status":"publish","type":"podcast","link":"https:\/\/radio-aviva.com\/perpignan\/podcast\/10-ans-du-memorial-de-rivesaltes-nicolas-serpette-responsable-communication\/","title":{"rendered":"10 ans du M\u00e9morial de Rivesaltes &#8211; Nicolas SERPETTE, Responsable communication"},"content":{"rendered":"<p>Le M\u00e9morial du camp de Rivesaltes f\u00eate ses 10 ans ! L\u2019occasion de d\u00e9couvrir le regard sur le site de 10 femmes et hommes du territoire, on en parle sur Radio Aviva.<\/p>\n","protected":false},"author":1,"featured_media":10900,"template":"","tags":[],"podcastfilter":[272,255,134,144,175,135],"class_list":["post-10899","podcast","type-podcast","status-publish","has-post-thumbnail","hentry","podcastfilter-culture","podcastfilter-evenement","podcastfilter-exposition","podcastfilter-histoire","podcastfilter-invite-de-la-redaction","podcastfilter-linvite-de-la-redaction"],"_links":{"self":[{"href":"https:\/\/radio-aviva.com\/perpignan\/wp-json\/wp\/v2\/podcast\/10899","targetHints":{"allow":["GET"]}}],"collection":[{"href":"https:\/\/radio-aviva.com\/perpignan\/wp-json\/wp\/v2\/podcast"}],"about":[{"href":"https:\/\/radio-aviva.com\/perpignan\/wp-json\/wp\/v2\/types\/podcast"}],"author":[{"embeddable":true,"href":"https:\/\/radio-aviva.com\/perpignan\/wp-json\/wp\/v2\/users\/1"}],"version-history":[{"count":1,"href":"https:\/\/radio-aviva.com\/perpignan\/wp-json\/wp\/v2\/podcast\/10899\/revisions"}],"predecessor-version":[{"id":10901,"href":"https:\/\/radio-aviva.com\/perpignan\/wp-json\/wp\/v2\/podcast\/10899\/revisions\/10901"}],"wp:featuredmedia":[{"embeddable":true,"href":"https:\/\/radio-aviva.com\/perpignan\/wp-json\/wp\/v2\/media\/10900"}],"wp:attachment":[{"href":"https:\/\/radio-aviva.com\/perpignan\/wp-json\/wp\/v2\/media?parent=10899"}],"wp:term":[{"taxonomy":"post_tag","embeddable":true,"href":"https:\/\/radio-aviva.com\/perpignan\/wp-json\/wp\/v2\/tags?post=10899"},{"taxonomy":"podcastfilter","embeddable":true,"href":"https:\/\/radio-aviva.com\/perpignan\/wp-json\/wp\/v2\/podcastfilter?post=10899"}],"curies":[{"name":"wp","href":"https:\/\/api.w.org\/{rel}","templated":true}]}}

10 ans du Mémorial de Rivesaltes &#8211; Nicolas SERPETTE, Responsable communication

<p>Le Mémorial du camp de Rivesaltes fête ses 10 ans ! L’occasion de découvrir le regard sur le site de 10 femmes et hommes du territoire, on en parle sur Radio Aviva.</p>
