{"id":10908,"date":"2025-03-10T15:00:53","date_gmt":"2025-03-10T14:00:53","guid":{"rendered":"https:\/\/radio-aviva.com\/perpignan\/?post_type=podcast&#038;p=10908"},"modified":"2025-08-22T14:51:59","modified_gmt":"2025-08-22T12:51:59","slug":"cma-66-mecanique-auto-sebastien-solon-formateur-romain-et-nicolas-apprentis","status":"publish","type":"podcast","link":"https:\/\/radio-aviva.com\/perpignan\/podcast\/cma-66-mecanique-auto-sebastien-solon-formateur-romain-et-nicolas-apprentis\/","title":{"rendered":"CMA 66 M\u00e9canique Auto &#8211; S\u00e9bastien SOLON, Formateur, Romain et Nicolas, Apprentis"},"content":{"rendered":"<p>M\u00e9canicien auto, poids lourds, travaux public ou machine agricole! La CMA66 vous forme.<\/p>\n<p>&nbsp;<\/p>\n<p><em>Cette \u00e9mission a \u00e9t\u00e9 r\u00e9alis\u00e9e dans le cadre de notre projet [RE]BONDIR POUR SON AVENIR.<\/em><\/p>\n<p><img decoding=\"async\" class=\"alignnone wp-image-41009\" src=\"https:\/\/radio-aviva.com\/wp-content\/uploads\/2025\/03\/OC-1706-instit-logo-carre-quadri-150x150-300dpi-770x770.jpg\" alt=\"\" width=\"166\" height=\"166\" \/><\/p>\n","protected":false},"author":1,"featured_media":10909,"template":"","tags":[],"podcastfilter":[181,299,286,327,180,186],"class_list":["post-10908","podcast","type-podcast","status-publish","has-post-thumbnail","hentry","podcastfilter-emploi","podcastfilter-emploi-formations","podcastfilter-institution","podcastfilter-mon-metier-ma-passion","podcastfilter-pyrenees-orientales","podcastfilter-pyrenees-orientales-2"],"_links":{"self":[{"href":"https:\/\/radio-aviva.com\/perpignan\/wp-json\/wp\/v2\/podcast\/10908","targetHints":{"allow":["GET"]}}],"collection":[{"href":"https:\/\/radio-aviva.com\/perpignan\/wp-json\/wp\/v2\/podcast"}],"about":[{"href":"https:\/\/radio-aviva.com\/perpignan\/wp-json\/wp\/v2\/types\/podcast"}],"author":[{"embeddable":true,"href":"https:\/\/radio-aviva.com\/perpignan\/wp-json\/wp\/v2\/users\/1"}],"version-history":[{"count":2,"href":"https:\/\/radio-aviva.com\/perpignan\/wp-json\/wp\/v2\/podcast\/10908\/revisions"}],"predecessor-version":[{"id":11449,"href":"https:\/\/radio-aviva.com\/perpignan\/wp-json\/wp\/v2\/podcast\/10908\/revisions\/11449"}],"wp:featuredmedia":[{"embeddable":true,"href":"https:\/\/radio-aviva.com\/perpignan\/wp-json\/wp\/v2\/media\/10909"}],"wp:attachment":[{"href":"https:\/\/radio-aviva.com\/perpignan\/wp-json\/wp\/v2\/media?parent=10908"}],"wp:term":[{"taxonomy":"post_tag","embeddable":true,"href":"https:\/\/radio-aviva.com\/perpignan\/wp-json\/wp\/v2\/tags?post=10908"},{"taxonomy":"podcastfilter","embeddable":true,"href":"https:\/\/radio-aviva.com\/perpignan\/wp-json\/wp\/v2\/podcastfilter?post=10908"}],"curies":[{"name":"wp","href":"https:\/\/api.w.org\/{rel}","templated":true}]}}

CMA 66 Mécanique Auto &#8211; Sébastien SOLON, Formateur, Romain et Nicolas, Apprentis

<p>Mécanicien auto, poids lourds, travaux public ou machine agricole! La CMA66 vous forme.</p>
<p>&nbsp;</p>
<p><em>Cette émission a été réalisée dans le cadre de notre projet [RE]BONDIR POUR SON AVENIR.</em></p>
<p><img decoding="async" class="alignnone wp-image-41009" src="https://radio-aviva.com/wp-content/uploads/2025/03/OC-1706-instit-logo-carre-quadri-150x150-300dpi-770x770.jpg" alt="" width="166" height="166" /></p>
