{"id":10938,"date":"2025-03-10T13:45:53","date_gmt":"2025-03-10T12:45:53","guid":{"rendered":"https:\/\/radio-aviva.com\/perpignan\/?post_type=podcast&#038;p=10938"},"modified":"2025-03-10T15:08:02","modified_gmt":"2025-03-10T14:08:02","slug":"benevole-apf-66-danielle-talau-benevole-laetitia-escolano-chargee-de-developpement","status":"publish","type":"podcast","link":"https:\/\/radio-aviva.com\/perpignan\/podcast\/benevole-apf-66-danielle-talau-benevole-laetitia-escolano-chargee-de-developpement\/","title":{"rendered":"B\u00e9n\u00e9vole APF France handicap 66 &#8211; Danielle TALAU, B\u00e9n\u00e9vole, La\u00ebtitia ESCOLANO, Charg\u00e9e de d\u00e9veloppement"},"content":{"rendered":"<p>Quel est l\u2019engagement des volontaires B\u00e9n\u00e9voles APF France handicap 66 ? On fait le point sur Radio Aviva Perpignan.<\/p>\n","protected":false},"author":1,"featured_media":10939,"template":"","tags":[],"podcastfilter":[190,230,314,138,223,149],"class_list":["post-10938","podcast","type-podcast","status-publish","has-post-thumbnail","hentry","podcastfilter-association","podcastfilter-handicap","podcastfilter-la-voix-des-assos","podcastfilter-lutte-contre-les-discriminations","podcastfilter-solidaire","podcastfilter-solidarite"],"_links":{"self":[{"href":"https:\/\/radio-aviva.com\/perpignan\/wp-json\/wp\/v2\/podcast\/10938","targetHints":{"allow":["GET"]}}],"collection":[{"href":"https:\/\/radio-aviva.com\/perpignan\/wp-json\/wp\/v2\/podcast"}],"about":[{"href":"https:\/\/radio-aviva.com\/perpignan\/wp-json\/wp\/v2\/types\/podcast"}],"author":[{"embeddable":true,"href":"https:\/\/radio-aviva.com\/perpignan\/wp-json\/wp\/v2\/users\/1"}],"version-history":[{"count":2,"href":"https:\/\/radio-aviva.com\/perpignan\/wp-json\/wp\/v2\/podcast\/10938\/revisions"}],"predecessor-version":[{"id":10944,"href":"https:\/\/radio-aviva.com\/perpignan\/wp-json\/wp\/v2\/podcast\/10938\/revisions\/10944"}],"wp:featuredmedia":[{"embeddable":true,"href":"https:\/\/radio-aviva.com\/perpignan\/wp-json\/wp\/v2\/media\/10939"}],"wp:attachment":[{"href":"https:\/\/radio-aviva.com\/perpignan\/wp-json\/wp\/v2\/media?parent=10938"}],"wp:term":[{"taxonomy":"post_tag","embeddable":true,"href":"https:\/\/radio-aviva.com\/perpignan\/wp-json\/wp\/v2\/tags?post=10938"},{"taxonomy":"podcastfilter","embeddable":true,"href":"https:\/\/radio-aviva.com\/perpignan\/wp-json\/wp\/v2\/podcastfilter?post=10938"}],"curies":[{"name":"wp","href":"https:\/\/api.w.org\/{rel}","templated":true}]}}

Bénévole APF France handicap 66 &#8211; Danielle TALAU, Bénévole, Laëtitia ESCOLANO, Chargée de développement

<p>Quel est l’engagement des volontaires Bénévoles APF France handicap 66 ? On fait le point sur Radio Aviva Perpignan.</p>
