{"id":10941,"date":"2025-03-11T13:45:55","date_gmt":"2025-03-11T12:45:55","guid":{"rendered":"https:\/\/radio-aviva.com\/perpignan\/?post_type=podcast&#038;p=10941"},"modified":"2025-03-10T10:54:55","modified_gmt":"2025-03-10T09:54:55","slug":"le-prix-occitanie-medicis-claudie-faucon-mejean-vice-presidente-a-la-region-occitanie","status":"publish","type":"podcast","link":"https:\/\/radio-aviva.com\/perpignan\/podcast\/le-prix-occitanie-medicis-claudie-faucon-mejean-vice-presidente-a-la-region-occitanie\/","title":{"rendered":"Le Prix Occitanie M\u00e9dicis &#8211; Claudie FAUCON MEJEAN, Vice Pr\u00e9sidente \u00e0 la R\u00e9gion Occitanie"},"content":{"rendered":"<p>Vous \u00eates un artiste plasticien ou visuel qui habite ou est li\u00e9 \u00e0 l\u2019Occitanie ? Alors le Prix Occitanie &#8211; M\u00e9dicis est fait pour vous !<\/p>\n","protected":false},"author":1,"featured_media":10942,"template":"","tags":[],"podcastfilter":[168,265,272,165,127,194],"class_list":["post-10941","podcast","type-podcast","status-publish","has-post-thumbnail","hentry","podcastfilter-artiste","podcastfilter-concours","podcastfilter-culture","podcastfilter-culture-compagnie","podcastfilter-culture-et-compagnie","podcastfilter-occitanie"],"_links":{"self":[{"href":"https:\/\/radio-aviva.com\/perpignan\/wp-json\/wp\/v2\/podcast\/10941","targetHints":{"allow":["GET"]}}],"collection":[{"href":"https:\/\/radio-aviva.com\/perpignan\/wp-json\/wp\/v2\/podcast"}],"about":[{"href":"https:\/\/radio-aviva.com\/perpignan\/wp-json\/wp\/v2\/types\/podcast"}],"author":[{"embeddable":true,"href":"https:\/\/radio-aviva.com\/perpignan\/wp-json\/wp\/v2\/users\/1"}],"version-history":[{"count":1,"href":"https:\/\/radio-aviva.com\/perpignan\/wp-json\/wp\/v2\/podcast\/10941\/revisions"}],"predecessor-version":[{"id":10943,"href":"https:\/\/radio-aviva.com\/perpignan\/wp-json\/wp\/v2\/podcast\/10941\/revisions\/10943"}],"wp:featuredmedia":[{"embeddable":true,"href":"https:\/\/radio-aviva.com\/perpignan\/wp-json\/wp\/v2\/media\/10942"}],"wp:attachment":[{"href":"https:\/\/radio-aviva.com\/perpignan\/wp-json\/wp\/v2\/media?parent=10941"}],"wp:term":[{"taxonomy":"post_tag","embeddable":true,"href":"https:\/\/radio-aviva.com\/perpignan\/wp-json\/wp\/v2\/tags?post=10941"},{"taxonomy":"podcastfilter","embeddable":true,"href":"https:\/\/radio-aviva.com\/perpignan\/wp-json\/wp\/v2\/podcastfilter?post=10941"}],"curies":[{"name":"wp","href":"https:\/\/api.w.org\/{rel}","templated":true}]}}

Le Prix Occitanie Médicis &#8211; Claudie FAUCON MEJEAN, Vice Présidente à la Région Occitanie

<p>Vous êtes un artiste plasticien ou visuel qui habite ou est lié à l’Occitanie ? Alors le Prix Occitanie &#8211; Médicis est fait pour vous !</p>
