{"id":10957,"date":"2025-03-18T13:45:53","date_gmt":"2025-03-18T12:45:53","guid":{"rendered":"https:\/\/radio-aviva.com\/perpignan\/?post_type=podcast&#038;p=10957"},"modified":"2025-03-17T11:40:23","modified_gmt":"2025-03-17T10:40:23","slug":"candidature-fete-de-la-musique-celine-sanchet-service-evenementiel","status":"publish","type":"podcast","link":"https:\/\/radio-aviva.com\/perpignan\/podcast\/candidature-fete-de-la-musique-celine-sanchet-service-evenementiel\/","title":{"rendered":"Candidature F\u00eate de la Musique &#8211; C\u00e9line SANCHET, Service \u00e9v\u00e9nementiel"},"content":{"rendered":"<p>Vous avez du talent et vous voulez rencontrer votre public ? C\u2019est peut \u00eatre le moment et on en parle sur Radio Aviva.<\/p>\n","protected":false},"author":329,"featured_media":10958,"template":"","tags":[],"podcastfilter":[170,209,272,165,127,88,109],"class_list":["post-10957","podcast","type-podcast","status-publish","has-post-thumbnail","hentry","podcastfilter-actions-culturelles","podcastfilter-concert","podcastfilter-culture","podcastfilter-culture-compagnie","podcastfilter-culture-et-compagnie","podcastfilter-musique","podcastfilter-perpignan"],"_links":{"self":[{"href":"https:\/\/radio-aviva.com\/perpignan\/wp-json\/wp\/v2\/podcast\/10957","targetHints":{"allow":["GET"]}}],"collection":[{"href":"https:\/\/radio-aviva.com\/perpignan\/wp-json\/wp\/v2\/podcast"}],"about":[{"href":"https:\/\/radio-aviva.com\/perpignan\/wp-json\/wp\/v2\/types\/podcast"}],"author":[{"embeddable":true,"href":"https:\/\/radio-aviva.com\/perpignan\/wp-json\/wp\/v2\/users\/329"}],"version-history":[{"count":1,"href":"https:\/\/radio-aviva.com\/perpignan\/wp-json\/wp\/v2\/podcast\/10957\/revisions"}],"predecessor-version":[{"id":10959,"href":"https:\/\/radio-aviva.com\/perpignan\/wp-json\/wp\/v2\/podcast\/10957\/revisions\/10959"}],"wp:featuredmedia":[{"embeddable":true,"href":"https:\/\/radio-aviva.com\/perpignan\/wp-json\/wp\/v2\/media\/10958"}],"wp:attachment":[{"href":"https:\/\/radio-aviva.com\/perpignan\/wp-json\/wp\/v2\/media?parent=10957"}],"wp:term":[{"taxonomy":"post_tag","embeddable":true,"href":"https:\/\/radio-aviva.com\/perpignan\/wp-json\/wp\/v2\/tags?post=10957"},{"taxonomy":"podcastfilter","embeddable":true,"href":"https:\/\/radio-aviva.com\/perpignan\/wp-json\/wp\/v2\/podcastfilter?post=10957"}],"curies":[{"name":"wp","href":"https:\/\/api.w.org\/{rel}","templated":true}]}}

Candidature Fête de la Musique &#8211; Céline SANCHET, Service événementiel

<p>Vous avez du talent et vous voulez rencontrer votre public ? C’est peut être le moment et on en parle sur Radio Aviva.</p>
