{"id":10960,"date":"2025-03-18T15:00:56","date_gmt":"2025-03-18T14:00:56","guid":{"rendered":"https:\/\/radio-aviva.com\/perpignan\/?post_type=podcast&#038;p=10960"},"modified":"2025-03-18T15:33:06","modified_gmt":"2025-03-18T14:33:06","slug":"la-procession-de-la-sanch-cedric-blank-president-de-la-federation-des-confreries-de-la-sanch","status":"publish","type":"podcast","link":"https:\/\/radio-aviva.com\/perpignan\/podcast\/la-procession-de-la-sanch-cedric-blank-president-de-la-federation-des-confreries-de-la-sanch\/","title":{"rendered":"La procession de la Sanch &#8211; C\u00e9drik BLANCH, Pr\u00e9sident de la f\u00e9d\u00e9ration des confr\u00e9ries de la Sanch"},"content":{"rendered":"<p>Tradition incontournable en catalogne nord ; la procession de la Sanch. Mais au fond qu\u2019est ce que \u00e7a repr\u00e9sente ?<\/p>\n","protected":false},"author":329,"featured_media":10961,"template":"","tags":[],"podcastfilter":[260,255,144,145],"class_list":["post-10960","podcast","type-podcast","status-publish","has-post-thumbnail","hentry","podcastfilter-catalanite","podcastfilter-evenement","podcastfilter-histoire","podcastfilter-mag-de-la-redac"],"_links":{"self":[{"href":"https:\/\/radio-aviva.com\/perpignan\/wp-json\/wp\/v2\/podcast\/10960","targetHints":{"allow":["GET"]}}],"collection":[{"href":"https:\/\/radio-aviva.com\/perpignan\/wp-json\/wp\/v2\/podcast"}],"about":[{"href":"https:\/\/radio-aviva.com\/perpignan\/wp-json\/wp\/v2\/types\/podcast"}],"author":[{"embeddable":true,"href":"https:\/\/radio-aviva.com\/perpignan\/wp-json\/wp\/v2\/users\/329"}],"version-history":[{"count":3,"href":"https:\/\/radio-aviva.com\/perpignan\/wp-json\/wp\/v2\/podcast\/10960\/revisions"}],"predecessor-version":[{"id":10964,"href":"https:\/\/radio-aviva.com\/perpignan\/wp-json\/wp\/v2\/podcast\/10960\/revisions\/10964"}],"wp:featuredmedia":[{"embeddable":true,"href":"https:\/\/radio-aviva.com\/perpignan\/wp-json\/wp\/v2\/media\/10961"}],"wp:attachment":[{"href":"https:\/\/radio-aviva.com\/perpignan\/wp-json\/wp\/v2\/media?parent=10960"}],"wp:term":[{"taxonomy":"post_tag","embeddable":true,"href":"https:\/\/radio-aviva.com\/perpignan\/wp-json\/wp\/v2\/tags?post=10960"},{"taxonomy":"podcastfilter","embeddable":true,"href":"https:\/\/radio-aviva.com\/perpignan\/wp-json\/wp\/v2\/podcastfilter?post=10960"}],"curies":[{"name":"wp","href":"https:\/\/api.w.org\/{rel}","templated":true}]}}

La procession de la Sanch &#8211; Cédrik BLANCH, Président de la fédération des confréries de la Sanch

<p>Tradition incontournable en catalogne nord ; la procession de la Sanch. Mais au fond qu’est ce que ça représente ?</p>
