{"id":10993,"date":"2025-03-24T13:45:36","date_gmt":"2025-03-24T12:45:36","guid":{"rendered":"https:\/\/radio-aviva.com\/perpignan\/?post_type=podcast&#038;p=10993"},"modified":"2025-03-21T16:29:40","modified_gmt":"2025-03-21T15:29:40","slug":"carmina-burana-anne-cancalon-directrice","status":"publish","type":"podcast","link":"https:\/\/radio-aviva.com\/perpignan\/podcast\/carmina-burana-anne-cancalon-directrice\/","title":{"rendered":"Carmina Burana &#8211; Anne CANCALON, Directrice"},"content":{"rendered":"<p>Saviez-vous que Carl Orff s\u2019est inspir\u00e9 d\u2019un manuscrit anonyme retrouv\u00e9 en 1803 dans un couvent b\u00e9n\u00e9dictin pour Cr\u00e9er Carmina Burana. A d\u00e9couvrir sur Radio AVIVA.<\/p>\n","protected":false},"author":329,"featured_media":10994,"template":"","tags":[],"podcastfilter":[170,165,127,207,180,186,200],"class_list":["post-10993","podcast","type-podcast","status-publish","has-post-thumbnail","hentry","podcastfilter-actions-culturelles","podcastfilter-culture-compagnie","podcastfilter-culture-et-compagnie","podcastfilter-danse","podcastfilter-pyrenees-orientales","podcastfilter-pyrenees-orientales-2","podcastfilter-spectacle"],"_links":{"self":[{"href":"https:\/\/radio-aviva.com\/perpignan\/wp-json\/wp\/v2\/podcast\/10993","targetHints":{"allow":["GET"]}}],"collection":[{"href":"https:\/\/radio-aviva.com\/perpignan\/wp-json\/wp\/v2\/podcast"}],"about":[{"href":"https:\/\/radio-aviva.com\/perpignan\/wp-json\/wp\/v2\/types\/podcast"}],"author":[{"embeddable":true,"href":"https:\/\/radio-aviva.com\/perpignan\/wp-json\/wp\/v2\/users\/329"}],"version-history":[{"count":1,"href":"https:\/\/radio-aviva.com\/perpignan\/wp-json\/wp\/v2\/podcast\/10993\/revisions"}],"predecessor-version":[{"id":10995,"href":"https:\/\/radio-aviva.com\/perpignan\/wp-json\/wp\/v2\/podcast\/10993\/revisions\/10995"}],"wp:featuredmedia":[{"embeddable":true,"href":"https:\/\/radio-aviva.com\/perpignan\/wp-json\/wp\/v2\/media\/10994"}],"wp:attachment":[{"href":"https:\/\/radio-aviva.com\/perpignan\/wp-json\/wp\/v2\/media?parent=10993"}],"wp:term":[{"taxonomy":"post_tag","embeddable":true,"href":"https:\/\/radio-aviva.com\/perpignan\/wp-json\/wp\/v2\/tags?post=10993"},{"taxonomy":"podcastfilter","embeddable":true,"href":"https:\/\/radio-aviva.com\/perpignan\/wp-json\/wp\/v2\/podcastfilter?post=10993"}],"curies":[{"name":"wp","href":"https:\/\/api.w.org\/{rel}","templated":true}]}}

<p>Saviez-vous que Carl Orff s’est inspiré d’un manuscrit anonyme retrouvé en 1803 dans un couvent bénédictin pour Créer Carmina Burana. A découvrir sur Radio AVIVA.</p>
