{"id":10996,"date":"2025-03-24T10:00:33","date_gmt":"2025-03-24T09:00:33","guid":{"rendered":"https:\/\/radio-aviva.com\/perpignan\/?post_type=podcast&#038;p=10996"},"modified":"2025-03-21T16:33:40","modified_gmt":"2025-03-21T15:33:40","slug":"bilan-du-theatre-de-larchipel-jackie-surjus-collet-directrice","status":"publish","type":"podcast","link":"https:\/\/radio-aviva.com\/perpignan\/podcast\/bilan-du-theatre-de-larchipel-jackie-surjus-collet-directrice\/","title":{"rendered":"Bilan du Th\u00e9\u00e2tre de l&rsquo;Archipel &#8211; Jackie SURJUS COLLET, Directrice"},"content":{"rendered":"<p>Savez vous que le Th\u00e9\u00e2tre de L\u2019Archipel bat des records ? Et quels sont les artistes qui vous attendent au Th\u00e9\u00e2tre de L\u2019archipel, sc\u00e8ne National de Perpignan ? Jackie Surjus nous met l\u2019eau \u00e0 la bouche sur Radio AVIVA.<\/p>\n","protected":false},"author":329,"featured_media":10997,"template":"","tags":[],"podcastfilter":[272,165,127,150,152,132,200,131],"class_list":["post-10996","podcast","type-podcast","status-publish","has-post-thumbnail","hentry","podcastfilter-culture","podcastfilter-culture-compagnie","podcastfilter-culture-et-compagnie","podcastfilter-entracte","podcastfilter-lien-social","podcastfilter-magazine-culturel","podcastfilter-spectacle","podcastfilter-theatre"],"_links":{"self":[{"href":"https:\/\/radio-aviva.com\/perpignan\/wp-json\/wp\/v2\/podcast\/10996","targetHints":{"allow":["GET"]}}],"collection":[{"href":"https:\/\/radio-aviva.com\/perpignan\/wp-json\/wp\/v2\/podcast"}],"about":[{"href":"https:\/\/radio-aviva.com\/perpignan\/wp-json\/wp\/v2\/types\/podcast"}],"author":[{"embeddable":true,"href":"https:\/\/radio-aviva.com\/perpignan\/wp-json\/wp\/v2\/users\/329"}],"version-history":[{"count":1,"href":"https:\/\/radio-aviva.com\/perpignan\/wp-json\/wp\/v2\/podcast\/10996\/revisions"}],"predecessor-version":[{"id":10998,"href":"https:\/\/radio-aviva.com\/perpignan\/wp-json\/wp\/v2\/podcast\/10996\/revisions\/10998"}],"wp:featuredmedia":[{"embeddable":true,"href":"https:\/\/radio-aviva.com\/perpignan\/wp-json\/wp\/v2\/media\/10997"}],"wp:attachment":[{"href":"https:\/\/radio-aviva.com\/perpignan\/wp-json\/wp\/v2\/media?parent=10996"}],"wp:term":[{"taxonomy":"post_tag","embeddable":true,"href":"https:\/\/radio-aviva.com\/perpignan\/wp-json\/wp\/v2\/tags?post=10996"},{"taxonomy":"podcastfilter","embeddable":true,"href":"https:\/\/radio-aviva.com\/perpignan\/wp-json\/wp\/v2\/podcastfilter?post=10996"}],"curies":[{"name":"wp","href":"https:\/\/api.w.org\/{rel}","templated":true}]}}

Bilan du Théâtre de l&rsquo;Archipel &#8211; Jackie SURJUS COLLET, Directrice

<p>Savez vous que le Théâtre de L’Archipel bat des records ? Et quels sont les artistes qui vous attendent au Théâtre de L’archipel, scène National de Perpignan ? Jackie Surjus nous met l’eau à la bouche sur Radio AVIVA.</p>
